Last updated on 2025-05-01 15:49:37 CEST.
Flavor | Version | Tinstall | Tcheck | Ttotal | Status | Flags |
---|---|---|---|---|---|---|
r-devel-linux-x86_64-debian-clang | 0.2 | 5.67 | 46.97 | 52.64 | OK | |
r-devel-linux-x86_64-debian-gcc | 0.2 | 4.30 | 35.92 | 40.22 | OK | |
r-devel-linux-x86_64-fedora-clang | 0.2 | 83.82 | OK | |||
r-devel-linux-x86_64-fedora-gcc | 0.2 | 79.89 | OK | |||
r-devel-windows-x86_64 | 0.2 | 7.00 | 65.00 | 72.00 | OK | |
r-patched-linux-x86_64 | 0.2 | 5.14 | 44.69 | 49.83 | OK | |
r-release-linux-x86_64 | OK | |||||
r-release-macos-arm64 | 0.2 | 29.00 | OK | |||
r-release-macos-x86_64 | 0.2 | 50.00 | OK | |||
r-release-windows-x86_64 | 0.2 | 7.00 | 64.00 | 71.00 | OK | |
r-oldrel-macos-arm64 | 0.2 | 26.00 | NOTE | |||
r-oldrel-macos-x86_64 | 0.2 | 44.00 | NOTE | |||
r-oldrel-windows-x86_64 | 0.2 | 8.00 | 71.00 | 79.00 | NOTE |
Version: 0.2
Check: package dependencies
Result: NOTE
Package which this enhances but not available for checking: ‘jpndistrict’
Flavors: r-oldrel-macos-arm64, r-oldrel-macos-x86_64, r-oldrel-windows-x86_64
These binaries (installable software) and packages are in development.
They may not be fully stable and should be used with caution. We make no claims about them.