Last updated on 2025-02-16 10:50:53 CET.
Flavor | Version | Tinstall | Tcheck | Ttotal | Status | Flags |
---|---|---|---|---|---|---|
r-devel-linux-x86_64-debian-clang | 0.6 | 3.23 | 23.50 | 26.73 | OK | |
r-devel-linux-x86_64-debian-gcc | 0.6 | 2.39 | 18.21 | 20.60 | OK | |
r-devel-linux-x86_64-fedora-clang | 0.6 | 47.24 | OK | |||
r-devel-linux-x86_64-fedora-gcc | 0.6 | 40.68 | OK | |||
r-devel-macos-arm64 | 0.6 | 21.00 | OK | |||
r-devel-macos-x86_64 | 0.6 | 27.00 | OK | |||
r-devel-windows-x86_64 | 0.6 | 5.00 | 44.00 | 49.00 | OK | |
r-patched-linux-x86_64 | 0.6 | 2.57 | 22.78 | 25.35 | NOTE | |
r-release-linux-x86_64 | 0.6 | 2.72 | 22.75 | 25.47 | NOTE | |
r-release-macos-arm64 | 0.6 | 20.00 | NOTE | |||
r-release-macos-x86_64 | 0.6 | 26.00 | NOTE | |||
r-release-windows-x86_64 | 0.6 | 4.00 | 45.00 | 49.00 | NOTE | |
r-oldrel-macos-arm64 | 0.6 | 17.00 | NOTE | |||
r-oldrel-macos-x86_64 | 0.6 | 23.00 | NOTE | |||
r-oldrel-windows-x86_64 | 0.6 | 4.00 | 43.00 | 47.00 | NOTE |
Version: 0.6
Check: LazyData
Result: NOTE
'LazyData' is specified without a 'data' directory
Flavors: r-patched-linux-x86_64, r-release-linux-x86_64, r-release-macos-arm64, r-release-macos-x86_64, r-release-windows-x86_64, r-oldrel-macos-arm64, r-oldrel-macos-x86_64, r-oldrel-windows-x86_64
These binaries (installable software) and packages are in development.
They may not be fully stable and should be used with caution. We make no claims about them.