CRAN Package Check Results for Package NlinTS

Last updated on 2025-07-21 19:49:50 CEST.

Flavor Version Tinstall Tcheck Ttotal Status Flags
r-devel-linux-x86_64-debian-clang 1.4.5 71.90 45.68 117.58 NOTE
r-devel-linux-x86_64-debian-gcc 1.4.5 53.61 34.69 88.30 NOTE
r-devel-linux-x86_64-fedora-clang 1.4.5 224.33 NOTE
r-devel-linux-x86_64-fedora-gcc 1.4.5 214.08 NOTE
r-devel-windows-x86_64 1.4.5 85.00 80.00 165.00 NOTE
r-patched-linux-x86_64 1.4.5 72.27 44.14 116.41 NOTE
r-release-linux-x86_64 1.4.5 75.63 43.85 119.48 NOTE
r-release-macos-arm64 1.4.5 55.00 NOTE
r-release-macos-x86_64 1.4.5 65.00 NOTE
r-release-windows-x86_64 1.4.5 83.00 86.00 169.00 NOTE
r-oldrel-macos-arm64 1.4.5 58.00 NOTE
r-oldrel-macos-x86_64 1.4.5 85.00 NOTE
r-oldrel-windows-x86_64 1.4.5 100.00 100.00 200.00 NOTE

Check Details

Version: 1.4.5
Check: C++ specification
Result: NOTE Specified C++11: please drop specification unless essential Flavors: r-devel-linux-x86_64-debian-clang, r-devel-linux-x86_64-debian-gcc, r-devel-linux-x86_64-fedora-clang, r-devel-linux-x86_64-fedora-gcc, r-devel-windows-x86_64, r-patched-linux-x86_64, r-release-linux-x86_64, r-release-macos-arm64, r-release-macos-x86_64, r-release-windows-x86_64, r-oldrel-macos-arm64, r-oldrel-macos-x86_64, r-oldrel-windows-x86_64

Version: 1.4.5
Check: installed package size
Result: NOTE installed size is 8.2Mb sub-directories of 1Mb or more: libs 8.0Mb Flavors: r-oldrel-macos-arm64, r-oldrel-macos-x86_64

These binaries (installable software) and packages are in development.
They may not be fully stable and should be used with caution. We make no claims about them.