Last updated on 2025-11-12 19:51:56 CET.
| Flavor | Version | Tinstall | Tcheck | Ttotal | Status | Flags |
|---|---|---|---|---|---|---|
| r-devel-linux-x86_64-debian-clang | 1.4.5 | 67.15 | 48.29 | 115.44 | NOTE | |
| r-devel-linux-x86_64-debian-gcc | 1.4.5 | 52.20 | 36.28 | 88.48 | NOTE | |
| r-devel-linux-x86_64-fedora-clang | 1.4.5 | 144.00 | 99.32 | 243.32 | NOTE | |
| r-devel-linux-x86_64-fedora-gcc | 1.4.5 | 180.00 | 36.53 | 216.53 | NOTE | |
| r-devel-windows-x86_64 | 1.4.5 | 86.00 | 80.00 | 166.00 | NOTE | |
| r-patched-linux-x86_64 | 1.4.5 | 72.58 | 46.43 | 119.01 | NOTE | |
| r-release-linux-x86_64 | 1.4.5 | 73.77 | 45.68 | 119.45 | NOTE | |
| r-release-macos-arm64 | 1.4.5 | 30.00 | 25.00 | 55.00 | NOTE | |
| r-release-macos-x86_64 | 1.4.5 | 25.00 | 40.00 | 65.00 | NOTE | |
| r-release-windows-x86_64 | 1.4.5 | 80.00 | 80.00 | 160.00 | NOTE | |
| r-oldrel-macos-arm64 | 1.4.5 | 34.00 | 24.00 | 58.00 | NOTE | |
| r-oldrel-macos-x86_64 | 1.4.5 | 39.00 | 46.00 | 85.00 | NOTE | |
| r-oldrel-windows-x86_64 | 1.4.5 | 80.00 | 107.00 | 187.00 | NOTE |
Version: 1.4.5
Check: C++ specification
Result: NOTE
Specified C++11: please drop specification unless essential
Flavors: r-devel-linux-x86_64-debian-clang, r-devel-linux-x86_64-debian-gcc, r-devel-linux-x86_64-fedora-clang, r-devel-linux-x86_64-fedora-gcc, r-devel-windows-x86_64, r-patched-linux-x86_64, r-release-linux-x86_64, r-release-macos-arm64, r-release-macos-x86_64, r-release-windows-x86_64, r-oldrel-macos-arm64, r-oldrel-macos-x86_64, r-oldrel-windows-x86_64
Version: 1.4.5
Check: installed package size
Result: NOTE
installed size is 8.2Mb
sub-directories of 1Mb or more:
libs 8.0Mb
Flavors: r-oldrel-macos-arm64, r-oldrel-macos-x86_64
These binaries (installable software) and packages are in development.
They may not be fully stable and should be used with caution. We make no claims about them.