CRAN Package Check Results for Package NlinTS

Last updated on 2025-02-19 16:50:57 CET.

Flavor Version Tinstall Tcheck Ttotal Status Flags
r-devel-linux-x86_64-debian-clang 1.4.5 73.16 45.25 118.41 NOTE
r-devel-linux-x86_64-debian-gcc 1.4.5 53.29 32.68 85.97 NOTE
r-devel-linux-x86_64-fedora-clang 1.4.5 229.97 NOTE
r-devel-linux-x86_64-fedora-gcc 1.4.5 244.48 NOTE
r-devel-macos-arm64 1.4.5 51.00 NOTE
r-devel-macos-x86_64 1.4.5 63.00 NOTE
r-devel-windows-x86_64 1.4.5 75.00 90.00 165.00 NOTE
r-patched-linux-x86_64 1.4.5 73.27 43.62 116.89 NOTE
r-release-linux-x86_64 1.4.5 75.51 42.66 118.17 NOTE
r-release-macos-arm64 1.4.5 58.00 NOTE
r-release-macos-x86_64 1.4.5 85.00 NOTE
r-release-windows-x86_64 1.4.5 77.00 78.00 155.00 NOTE
r-oldrel-macos-arm64 1.4.5 73.00 NOTE
r-oldrel-macos-x86_64 1.4.5 120.00 NOTE
r-oldrel-windows-x86_64 1.4.5 95.00 96.00 191.00 NOTE

Check Details

Version: 1.4.5
Check: C++ specification
Result: NOTE Specified C++11: please drop specification unless essential Flavors: r-devel-linux-x86_64-debian-clang, r-devel-linux-x86_64-debian-gcc, r-devel-linux-x86_64-fedora-clang, r-devel-linux-x86_64-fedora-gcc, r-devel-macos-arm64, r-devel-macos-x86_64, r-devel-windows-x86_64, r-patched-linux-x86_64, r-release-linux-x86_64, r-release-macos-arm64, r-release-macos-x86_64, r-release-windows-x86_64, r-oldrel-macos-arm64, r-oldrel-macos-x86_64, r-oldrel-windows-x86_64

Version: 1.4.5
Check: installed package size
Result: NOTE installed size is 8.2Mb sub-directories of 1Mb or more: libs 8.0Mb Flavors: r-release-macos-arm64, r-release-macos-x86_64, r-oldrel-macos-arm64, r-oldrel-macos-x86_64

These binaries (installable software) and packages are in development.
They may not be fully stable and should be used with caution. We make no claims about them.