Last updated on 2025-02-16 10:50:53 CET.
Flavor | Version | Tinstall | Tcheck | Ttotal | Status | Flags |
---|---|---|---|---|---|---|
r-devel-linux-x86_64-debian-clang | 0.2.4 | 13.47 | 125.10 | 138.57 | OK | |
r-devel-linux-x86_64-debian-gcc | 0.2.4 | 10.98 | 89.89 | 100.87 | OK | |
r-devel-linux-x86_64-fedora-clang | 0.2.4 | 230.17 | NOTE | |||
r-devel-linux-x86_64-fedora-gcc | 0.2.4 | 202.24 | NOTE | |||
r-devel-macos-arm64 | 0.2.4 | 61.00 | OK | |||
r-devel-macos-x86_64 | 0.2.4 | 110.00 | OK | |||
r-devel-windows-x86_64 | 0.2.4 | 13.00 | 129.00 | 142.00 | OK | |
r-patched-linux-x86_64 | 0.2.4 | 13.10 | 114.87 | 127.97 | OK | |
r-release-linux-x86_64 | 0.2.4 | 13.10 | 113.65 | 126.75 | OK | |
r-release-macos-arm64 | 0.2.4 | 58.00 | OK | |||
r-release-macos-x86_64 | 0.2.4 | 85.00 | OK | |||
r-release-windows-x86_64 | 0.2.4 | 14.00 | 140.00 | 154.00 | OK | |
r-oldrel-macos-arm64 | 0.2.4 | 66.00 | OK | |||
r-oldrel-macos-x86_64 | 0.2.4 | 116.00 | OK | |||
r-oldrel-windows-x86_64 | 0.2.4 | 18.00 | 148.00 | 166.00 | OK |
Version: 0.2.4
Check: dependencies in R code
Result: NOTE
Namespaces in Imports field not imported from:
‘Matrix’ ‘e1071’ ‘glmnet’
All declared Imports should be used.
Flavors: r-devel-linux-x86_64-fedora-clang, r-devel-linux-x86_64-fedora-gcc
These binaries (installable software) and packages are in development.
They may not be fully stable and should be used with caution. We make no claims about them.