Last updated on 2024-07-27 15:50:27 CEST.
Flavor | Version | Tinstall | Tcheck | Ttotal | Status | Flags |
---|---|---|---|---|---|---|
r-devel-linux-x86_64-debian-clang | 0.2.4 | 13.76 | 157.19 | 170.95 | OK | |
r-devel-linux-x86_64-debian-gcc | 0.2.4 | OK | ||||
r-devel-linux-x86_64-fedora-clang | 0.2.4 | 216.64 | NOTE | |||
r-devel-linux-x86_64-fedora-gcc | 0.2.4 | 201.42 | NOTE | |||
r-devel-windows-x86_64 | 0.2.4 | 14.00 | 132.00 | 146.00 | OK | |
r-patched-linux-x86_64 | 0.2.4 | OK | ||||
r-release-linux-x86_64 | 0.2.4 | 10.05 | 151.29 | 161.34 | OK | |
r-release-macos-arm64 | 0.2.4 | 58.00 | OK | |||
r-release-macos-x86_64 | 0.2.4 | 85.00 | OK | |||
r-release-windows-x86_64 | 0.2.4 | 14.00 | 133.00 | 147.00 | OK | |
r-oldrel-macos-arm64 | 0.2.4 | 66.00 | OK | |||
r-oldrel-macos-x86_64 | 0.2.4 | 116.00 | OK | |||
r-oldrel-windows-x86_64 | 0.2.4 | 18.00 | 161.00 | 179.00 | OK |
Version: 0.2.4
Check: dependencies in R code
Result: NOTE
Namespaces in Imports field not imported from:
‘Matrix’ ‘e1071’ ‘glmnet’
All declared Imports should be used.
Flavors: r-devel-linux-x86_64-fedora-clang, r-devel-linux-x86_64-fedora-gcc
These binaries (installable software) and packages are in development.
They may not be fully stable and should be used with caution. We make no claims about them.