CRAN Package Check Results for Package NonlinearTSA

Last updated on 2025-05-08 04:52:12 CEST.

Flavor Version Tinstall Tcheck Ttotal Status Flags
r-devel-linux-x86_64-debian-clang 0.5.0 12.02 103.79 115.81 NOTE
r-devel-linux-x86_64-debian-gcc 0.5.0 8.46 72.97 81.43 NOTE
r-devel-linux-x86_64-fedora-clang 0.5.0 175.41 OK
r-devel-linux-x86_64-fedora-gcc 0.5.0 175.23 OK
r-devel-windows-x86_64 0.5.0 15.00 111.00 126.00 OK
r-patched-linux-x86_64 0.5.0 13.02 98.58 111.60 OK
r-release-linux-x86_64 0.5.0 13.59 97.85 111.44 OK
r-release-macos-arm64 0.5.0 73.00 OK
r-release-macos-x86_64 0.5.0 89.00 OK
r-release-windows-x86_64 0.5.0 16.00 111.00 127.00 OK
r-oldrel-macos-arm64 0.5.0 49.00 OK
r-oldrel-macos-x86_64 0.5.0 68.00 OK
r-oldrel-windows-x86_64 0.5.0 19.00 140.00 159.00 OK

Check Details

Version: 0.5.0
Check: CRAN incoming feasibility
Result: NOTE Maintainer: ‘Burak Guris <bguris@istanbul.edu.tr>’ No Authors@R field in DESCRIPTION. Please add one, modifying Authors@R: person(given = "Burak", family = "Guris", role = c("aut", "cre"), email = "bguris@istanbul.edu.tr") as necessary. Flavors: r-devel-linux-x86_64-debian-clang, r-devel-linux-x86_64-debian-gcc

These binaries (installable software) and packages are in development.
They may not be fully stable and should be used with caution. We make no claims about them.