CRAN Package Check Results for Package NormalLaplace

Last updated on 2025-02-16 12:53:45 CET.

Flavor Version Tinstall Tcheck Ttotal Status Flags
r-devel-linux-x86_64-debian-clang 0.3-1 2.08 26.42 28.50 NOTE
r-devel-linux-x86_64-debian-gcc 0.3-1 1.88 20.49 22.37 NOTE
r-devel-linux-x86_64-fedora-clang 0.3-1 51.27 OK
r-devel-linux-x86_64-fedora-gcc 0.3-1 47.24 OK
r-devel-macos-arm64 0.3-1 19.00 OK
r-devel-macos-x86_64 0.3-1 31.00 OK
r-devel-windows-x86_64 0.3-1 3.00 53.00 56.00 NOTE
r-patched-linux-x86_64 0.3-1 4.75 25.62 30.37 OK
r-release-linux-x86_64 0.3-1 1.86 25.65 27.51 OK
r-release-macos-arm64 0.3-1 18.00 OK
r-release-macos-x86_64 0.3-1 27.00 OK
r-release-windows-x86_64 0.3-1 3.00 55.00 58.00 OK
r-oldrel-macos-arm64 0.3-1 23.00 OK
r-oldrel-macos-x86_64 0.3-1 38.00 OK
r-oldrel-windows-x86_64 0.3-1 5.00 52.00 57.00 OK

Check Details

Version: 0.3-1
Check: Rd cross-references
Result: NOTE Found the following Rd file(s) with Rd \link{} targets missing package anchors: nlFit.Rd: logHist Please provide package anchors for all Rd \link{} targets not in the package itself and the base packages. Flavors: r-devel-linux-x86_64-debian-clang, r-devel-linux-x86_64-debian-gcc, r-devel-windows-x86_64

These binaries (installable software) and packages are in development.
They may not be fully stable and should be used with caution. We make no claims about them.