CRAN Package Check Results for Package NostalgiR

Last updated on 2025-10-23 23:49:38 CEST.

Flavor Version Tinstall Tcheck Ttotal Status Flags
r-devel-linux-x86_64-debian-clang 1.0.2 1.70 20.72 22.42 NOTE
r-devel-linux-x86_64-debian-gcc 1.0.2 1.58 17.16 18.74 NOTE
r-devel-linux-x86_64-fedora-clang 1.0.2 33.55 OK
r-devel-linux-x86_64-fedora-gcc 1.0.2 31.28 OK
r-devel-windows-x86_64 1.0.2 3.00 40.00 43.00 OK
r-patched-linux-x86_64 1.0.2 2.15 19.40 21.55 OK
r-release-linux-x86_64 1.0.2 1.78 19.47 21.25 OK
r-release-macos-arm64 1.0.2 1.00 14.00 15.00 OK
r-release-macos-x86_64 1.0.2 2.00 27.00 29.00 OK
r-release-windows-x86_64 1.0.2 4.00 42.00 46.00 OK
r-oldrel-macos-arm64 1.0.2 1.00 13.00 14.00 OK
r-oldrel-macos-x86_64 1.0.2 2.00 18.00 20.00 OK
r-oldrel-windows-x86_64 1.0.2 4.00 46.00 50.00 OK

Check Details

Version: 1.0.2
Check: CRAN incoming feasibility
Result: NOTE Maintainer: ‘Hien D. Nguyen <h.nguyen7@uq.edu.au>’ No Authors@R field in DESCRIPTION. Please add one, modifying Authors@R: person(given = c("Hien", "D."), family = "Nguyen", role = c("aut", "cre"), email = "h.nguyen7@uq.edu.au") as necessary. Flavors: r-devel-linux-x86_64-debian-clang, r-devel-linux-x86_64-debian-gcc

These binaries (installable software) and packages are in development.
They may not be fully stable and should be used with caution. We make no claims about them.