Last updated on 2025-02-16 10:50:53 CET.
Flavor | Version | Tinstall | Tcheck | Ttotal | Status | Flags |
---|---|---|---|---|---|---|
r-devel-linux-x86_64-debian-clang | 1.9.8 | 334.74 | 94.82 | 429.56 | OK | |
r-devel-linux-x86_64-debian-gcc | 1.9.8 | 216.56 | 71.03 | 287.59 | OK | |
r-devel-linux-x86_64-fedora-clang | 1.9.8 | 1200.69 | OK | |||
r-devel-linux-x86_64-fedora-gcc | 1.9.8 | 858.52 | OK | |||
r-devel-macos-arm64 | 1.9.8 | 150.00 | OK | |||
r-devel-macos-x86_64 | 1.9.8 | 183.00 | OK | |||
r-devel-windows-x86_64 | 1.9.8 | 353.00 | 124.00 | 477.00 | OK | |
r-patched-linux-x86_64 | 1.9.8 | 298.46 | 92.36 | 390.82 | OK | |
r-release-linux-x86_64 | 1.9.8 | 305.13 | 92.44 | 397.57 | OK | |
r-release-macos-arm64 | 1.9.8 | 174.00 | NOTE | |||
r-release-macos-x86_64 | 1.9.8 | 215.00 | NOTE | |||
r-release-windows-x86_64 | 1.9.8 | 350.00 | 119.00 | 469.00 | NOTE | |
r-oldrel-macos-arm64 | 1.9.8 | 180.00 | NOTE | |||
r-oldrel-macos-x86_64 | 1.9.8 | 212.00 | NOTE | |||
r-oldrel-windows-x86_64 | 1.9.8 | 343.00 | 136.00 | 479.00 | NOTE |
Version: 1.9.8
Check: installed package size
Result: NOTE
installed size is 20.9Mb
sub-directories of 1Mb or more:
doc 5.3Mb
libs 15.2Mb
Flavors: r-release-macos-arm64, r-release-macos-x86_64, r-release-windows-x86_64, r-oldrel-macos-arm64, r-oldrel-macos-x86_64, r-oldrel-windows-x86_64
These binaries (installable software) and packages are in development.
They may not be fully stable and should be used with caution. We make no claims about them.