Last updated on 2024-07-27 15:50:27 CEST.
Flavor | Version | Tinstall | Tcheck | Ttotal | Status | Flags |
---|---|---|---|---|---|---|
r-devel-linux-x86_64-debian-clang | 1.9.7 | 459.32 | 122.56 | 581.88 | OK | |
r-devel-linux-x86_64-debian-gcc | 1.9.7 | OK | ||||
r-devel-linux-x86_64-fedora-clang | 1.9.7 | 1202.01 | NOTE | |||
r-devel-linux-x86_64-fedora-gcc | 1.9.7 | 872.40 | OK | |||
r-devel-windows-x86_64 | 1.9.7 | 355.00 | 121.00 | 476.00 | NOTE | |
r-patched-linux-x86_64 | 1.9.7 | OK | ||||
r-release-linux-x86_64 | 1.9.7 | 353.50 | 116.30 | 469.80 | OK | |
r-release-macos-arm64 | 1.9.7 | 196.00 | NOTE | |||
r-release-macos-x86_64 | 1.9.7 | 149.00 | NOTE | |||
r-release-windows-x86_64 | 1.9.7 | 409.00 | 118.00 | 527.00 | NOTE | |
r-oldrel-macos-arm64 | 1.9.7 | 176.00 | NOTE | |||
r-oldrel-macos-x86_64 | 1.9.7 | 190.00 | NOTE | |||
r-oldrel-windows-x86_64 | 1.9.7 | 329.00 | 141.00 | 470.00 | NOTE |
Version: 1.9.7
Check: installed package size
Result: NOTE
installed size is 6.5Mb
sub-directories of 1Mb or more:
doc 5.3Mb
Flavors: r-devel-linux-x86_64-fedora-clang, r-devel-windows-x86_64, r-release-macos-arm64, r-release-macos-x86_64, r-release-windows-x86_64, r-oldrel-macos-arm64, r-oldrel-macos-x86_64, r-oldrel-windows-x86_64
These binaries (installable software) and packages are in development.
They may not be fully stable and should be used with caution. We make no claims about them.