Last updated on 2025-05-01 14:49:16 CEST.
Flavor | Version | Tinstall | Tcheck | Ttotal | Status | Flags |
---|---|---|---|---|---|---|
r-devel-linux-x86_64-debian-clang | 1.9 | 8.20 | 66.65 | 74.85 | NOTE | |
r-devel-linux-x86_64-debian-gcc | 1.9 | 6.55 | 46.89 | 53.44 | NOTE | |
r-devel-linux-x86_64-fedora-clang | 1.9 | 129.72 | OK | |||
r-devel-linux-x86_64-fedora-gcc | 1.9 | 116.58 | OK | |||
r-devel-windows-x86_64 | 1.9 | 10.00 | 86.00 | 96.00 | OK | |
r-patched-linux-x86_64 | 1.9 | 9.24 | 63.38 | 72.62 | OK | |
r-release-linux-x86_64 | OK | |||||
r-release-macos-arm64 | 1.9 | 34.00 | OK | |||
r-release-macos-x86_64 | 1.9 | 72.00 | OK | |||
r-release-windows-x86_64 | 1.9 | 10.00 | 88.00 | 98.00 | OK | |
r-oldrel-macos-arm64 | 1.9 | 32.00 | OK | |||
r-oldrel-macos-x86_64 | 1.9 | 54.00 | OK | |||
r-oldrel-windows-x86_64 | 1.9 | 12.00 | 94.00 | 106.00 | OK |
Version: 1.9
Check: CRAN incoming feasibility
Result: NOTE
Maintainer: ‘Alejandro Ordonez <ordonezjosealejandro@gmail.com>’
No Authors@R field in DESCRIPTION.
Please add one, modifying
Authors@R: c(person(given = "Alejandro",
family = "Ordonez",
role = c("aut", "cre"),
email = "ordonezjosealejandro@gmail.com"),
person(given = c("Marcos", "O."),
family = "Prates",
role = "aut"),
person(given = c("Larissa", "A."),
family = "Matos",
role = "aut"),
person(given = c("Victor", "H."),
family = "Lachos.",
role = "aut"))
as necessary.
The Description field contains
Details can be found in Ordonez et al. (2020) <arXiv:2004.04341>.
Please refer to arXiv e-prints via their arXiv DOI <doi:10.48550/arXiv.YYMM.NNNNN>.
Flavors: r-devel-linux-x86_64-debian-clang, r-devel-linux-x86_64-debian-gcc
These binaries (installable software) and packages are in development.
They may not be fully stable and should be used with caution. We make no claims about them.