Last updated on 2025-10-24 11:50:53 CEST.
| Flavor | Version | Tinstall | Tcheck | Ttotal | Status | Flags |
|---|---|---|---|---|---|---|
| r-devel-linux-x86_64-debian-clang | 0.0.5 | 71.38 | 166.88 | 238.26 | OK | |
| r-devel-linux-x86_64-debian-gcc | 0.0.5 | 48.26 | 117.75 | 166.01 | OK | |
| r-devel-linux-x86_64-fedora-clang | 0.0.5 | 134.00 | 275.88 | 409.88 | OK | |
| r-devel-linux-x86_64-fedora-gcc | 0.0.5 | 104.00 | 297.95 | 401.95 | OK | |
| r-devel-windows-x86_64 | 0.0.5 | 78.00 | 192.00 | 270.00 | OK | |
| r-patched-linux-x86_64 | 0.0.5 | 75.38 | 161.70 | 237.08 | OK | |
| r-release-linux-x86_64 | 0.0.5 | 74.02 | 160.19 | 234.21 | OK | |
| r-release-macos-arm64 | 0.0.5 | 28.00 | 65.00 | 93.00 | OK | |
| r-release-macos-x86_64 | 0.0.5 | 64.00 | 156.00 | 220.00 | OK | |
| r-release-windows-x86_64 | 0.0.5 | 78.00 | 190.00 | 268.00 | OK | |
| r-oldrel-macos-arm64 | 0.0.5 | 27.00 | 83.00 | 110.00 | NOTE | |
| r-oldrel-macos-x86_64 | 0.0.5 | 42.00 | 181.00 | 223.00 | NOTE | |
| r-oldrel-windows-x86_64 | 0.0.5 | 95.00 | 243.00 | 338.00 | OK |
Version: 0.0.5
Check: installed package size
Result: NOTE
installed size is 14.1Mb
sub-directories of 1Mb or more:
libs 13.4Mb
Flavors: r-oldrel-macos-arm64, r-oldrel-macos-x86_64
These binaries (installable software) and packages are in development.
They may not be fully stable and should be used with caution. We make no claims about them.