Last updated on 2025-07-26 07:50:29 CEST.
Flavor | Version | Tinstall | Tcheck | Ttotal | Status | Flags |
---|---|---|---|---|---|---|
r-devel-linux-x86_64-debian-clang | 0.0.5 | 73.18 | 164.73 | 237.91 | OK | |
r-devel-linux-x86_64-debian-gcc | 0.0.5 | 53.43 | 114.86 | 168.29 | OK | |
r-devel-linux-x86_64-fedora-clang | 0.0.5 | 401.98 | OK | |||
r-devel-linux-x86_64-fedora-gcc | 0.0.5 | 408.35 | OK | |||
r-devel-windows-x86_64 | 0.0.5 | 81.00 | 192.00 | 273.00 | OK | |
r-patched-linux-x86_64 | 0.0.5 | 73.64 | 159.01 | 232.65 | OK | |
r-release-linux-x86_64 | 0.0.5 | 74.13 | 160.06 | 234.19 | OK | |
r-release-macos-arm64 | 0.0.5 | 93.00 | OK | |||
r-release-macos-x86_64 | 0.0.5 | 220.00 | OK | |||
r-release-windows-x86_64 | 0.0.5 | 75.00 | 192.00 | 267.00 | OK | |
r-oldrel-macos-arm64 | 0.0.5 | 110.00 | NOTE | |||
r-oldrel-macos-x86_64 | 0.0.5 | 223.00 | NOTE | |||
r-oldrel-windows-x86_64 | 0.0.5 | 94.00 | 242.00 | 336.00 | OK |
Version: 0.0.5
Check: installed package size
Result: NOTE
installed size is 14.1Mb
sub-directories of 1Mb or more:
libs 13.4Mb
Flavors: r-oldrel-macos-arm64, r-oldrel-macos-x86_64
These binaries (installable software) and packages are in development.
They may not be fully stable and should be used with caution. We make no claims about them.