Last updated on 2025-05-25 21:48:42 CEST.
Flavor | Version | Tinstall | Tcheck | Ttotal | Status | Flags |
---|---|---|---|---|---|---|
r-devel-linux-x86_64-debian-clang | 0.0.5 | 74.17 | 165.52 | 239.69 | OK | |
r-devel-linux-x86_64-debian-gcc | 0.0.5 | 53.15 | 115.40 | 168.55 | OK | |
r-devel-linux-x86_64-fedora-clang | 0.0.5 | 403.57 | OK | |||
r-devel-linux-x86_64-fedora-gcc | 0.0.5 | 431.85 | OK | |||
r-devel-windows-x86_64 | 0.0.5 | 78.00 | 198.00 | 276.00 | OK | |
r-patched-linux-x86_64 | 0.0.5 | 75.68 | 158.73 | 234.41 | OK | |
r-release-linux-x86_64 | 0.0.5 | 72.17 | 158.29 | 230.46 | OK | |
r-release-macos-arm64 | 0.0.5 | 93.00 | OK | |||
r-release-macos-x86_64 | 0.0.5 | 220.00 | OK | |||
r-release-windows-x86_64 | 0.0.5 | 78.00 | 191.00 | 269.00 | OK | |
r-oldrel-macos-arm64 | 0.0.5 | 110.00 | NOTE | |||
r-oldrel-macos-x86_64 | 0.0.5 | 223.00 | NOTE | |||
r-oldrel-windows-x86_64 | 0.0.5 | 94.00 | 252.00 | 346.00 | OK |
Version: 0.0.5
Check: installed package size
Result: NOTE
installed size is 14.1Mb
sub-directories of 1Mb or more:
libs 13.4Mb
Flavors: r-oldrel-macos-arm64, r-oldrel-macos-x86_64
These binaries (installable software) and packages are in development.
They may not be fully stable and should be used with caution. We make no claims about them.