Last updated on 2025-02-16 10:50:53 CET.
Flavor | Version | Tinstall | Tcheck | Ttotal | Status | Flags |
---|---|---|---|---|---|---|
r-devel-linux-x86_64-debian-clang | 0.0.4 | 43.70 | 155.13 | 198.83 | NOTE | |
r-devel-linux-x86_64-debian-gcc | 0.0.4 | 28.43 | 108.51 | 136.94 | NOTE | |
r-devel-linux-x86_64-fedora-clang | 0.0.4 | 370.72 | OK | |||
r-devel-linux-x86_64-fedora-gcc | 0.0.4 | 346.18 | OK | |||
r-devel-macos-arm64 | 0.0.4 | 94.00 | OK | |||
r-devel-macos-x86_64 | 0.0.4 | 199.00 | OK | |||
r-devel-windows-x86_64 | 0.0.4 | 46.00 | 186.00 | 232.00 | NOTE | |
r-patched-linux-x86_64 | 0.0.4 | 45.29 | 146.28 | 191.57 | OK | |
r-release-linux-x86_64 | 0.0.4 | 41.91 | 145.26 | 187.17 | OK | |
r-release-macos-arm64 | 0.0.4 | 92.00 | OK | |||
r-release-macos-x86_64 | 0.0.4 | 135.00 | OK | |||
r-release-windows-x86_64 | 0.0.4 | 47.00 | 179.00 | 226.00 | OK | |
r-oldrel-macos-arm64 | 0.0.4 | 101.00 | OK | |||
r-oldrel-macos-x86_64 | 0.0.4 | 184.00 | OK | |||
r-oldrel-windows-x86_64 | 0.0.4 | 56.00 | 216.00 | 272.00 | OK |
Version: 0.0.4
Check: Rd cross-references
Result: NOTE
Found the following Rd file(s) with Rd \link{} targets missing package
anchors:
ODT.Rd: as.party
PPO.Rd: nnet, Pursuit
as.party.ODT.Rd: party
plot.ODT.Rd: as.party
Please provide package anchors for all Rd \link{} targets not in the
package itself and the base packages.
Flavors: r-devel-linux-x86_64-debian-clang, r-devel-linux-x86_64-debian-gcc, r-devel-windows-x86_64
These binaries (installable software) and packages are in development.
They may not be fully stable and should be used with caution. We make no claims about them.