CRAN Package Check Results for Package ODataQuery

Last updated on 2025-07-19 15:51:19 CEST.

Flavor Version Tinstall Tcheck Ttotal Status Flags
r-devel-linux-x86_64-debian-clang 0.5.3 2.64 28.43 31.07 OK
r-devel-linux-x86_64-debian-gcc 0.5.3 1.68 23.29 24.97 OK
r-devel-linux-x86_64-fedora-clang 0.5.3 48.75 NOTE
r-devel-linux-x86_64-fedora-gcc 0.5.3 59.49 NOTE
r-devel-windows-x86_64 0.5.3 4.00 55.00 59.00 OK
r-patched-linux-x86_64 0.5.3 2.90 26.19 29.09 OK
r-release-linux-x86_64 0.5.3 2.75 26.33 29.08 OK
r-release-macos-arm64 0.5.3 41.00 OK
r-release-macos-x86_64 0.5.3 59.00 OK
r-release-windows-x86_64 0.5.3 4.00 78.00 82.00 OK
r-oldrel-macos-arm64 0.5.3 35.00 OK
r-oldrel-macos-x86_64 0.5.3 42.00 OK
r-oldrel-windows-x86_64 0.5.3 5.00 59.00 64.00 OK

Check Details

Version: 0.5.3
Check: dependencies in R code
Result: NOTE Namespace in Imports field not imported from: ‘R6’ All declared Imports should be used. Flavors: r-devel-linux-x86_64-fedora-clang, r-devel-linux-x86_64-fedora-gcc

These binaries (installable software) and packages are in development.
They may not be fully stable and should be used with caution. We make no claims about them.