CRAN Package Check Results for Package ODataQuery

Last updated on 2025-05-08 04:52:12 CEST.

Flavor Version Tinstall Tcheck Ttotal Status Flags
r-devel-linux-x86_64-debian-clang 0.5.3 2.88 28.03 30.91 OK
r-devel-linux-x86_64-debian-gcc 0.5.3 2.01 22.47 24.48 OK
r-devel-linux-x86_64-fedora-clang 0.5.3 48.06 NOTE
r-devel-linux-x86_64-fedora-gcc 0.5.3 60.11 NOTE
r-devel-windows-x86_64 0.5.3 4.00 53.00 57.00 OK
r-patched-linux-x86_64 0.5.3 3.21 26.17 29.38 OK
r-release-linux-x86_64 0.5.3 2.87 25.76 28.63 OK
r-release-macos-arm64 0.5.3 41.00 OK
r-release-macos-x86_64 0.5.3 59.00 OK
r-release-windows-x86_64 0.5.3 4.00 56.00 60.00 OK
r-oldrel-macos-arm64 0.5.3 35.00 OK
r-oldrel-macos-x86_64 0.5.3 42.00 OK
r-oldrel-windows-x86_64 0.5.3 5.00 62.00 67.00 OK

Check Details

Version: 0.5.3
Check: dependencies in R code
Result: NOTE Namespace in Imports field not imported from: ‘R6’ All declared Imports should be used. Flavors: r-devel-linux-x86_64-fedora-clang, r-devel-linux-x86_64-fedora-gcc

These binaries (installable software) and packages are in development.
They may not be fully stable and should be used with caution. We make no claims about them.