CRAN Package Check Results for Package OGI

Last updated on 2025-10-03 13:49:42 CEST.

Flavor Version Tinstall Tcheck Ttotal Status Flags
r-devel-linux-x86_64-debian-clang 1.0.0 1.85 21.67 23.52 OK
r-devel-linux-x86_64-debian-gcc 1.0.0 1.47 17.53 19.00 OK
r-devel-linux-x86_64-fedora-clang 1.0.0 35.24 NOTE
r-devel-linux-x86_64-fedora-gcc 1.0.0 33.22 NOTE
r-devel-windows-x86_64 1.0.0 3.00 41.00 44.00 OK
r-patched-linux-x86_64 1.0.0 1.77 20.34 22.11 OK
r-release-linux-x86_64 1.0.0 1.66 20.75 22.41 OK
r-release-macos-arm64 1.0.0 16.00 OK
r-release-macos-x86_64 1.0.0 24.00 OK
r-release-windows-x86_64 1.0.0 3.00 42.00 45.00 OK
r-oldrel-macos-arm64 1.0.0 16.00 NOTE
r-oldrel-macos-x86_64 1.0.0 21.00 NOTE
r-oldrel-windows-x86_64 1.0.0 3.00 45.00 48.00 NOTE

Check Details

Version: 1.0.0
Check: dependencies in R code
Result: NOTE Namespace in Imports field not imported from: ‘methods’ All declared Imports should be used. Flavors: r-devel-linux-x86_64-fedora-clang, r-devel-linux-x86_64-fedora-gcc

Version: 1.0.0
Check: LazyData
Result: NOTE 'LazyData' is specified without a 'data' directory Flavors: r-oldrel-macos-arm64, r-oldrel-macos-x86_64, r-oldrel-windows-x86_64

These binaries (installable software) and packages are in development.
They may not be fully stable and should be used with caution. We make no claims about them.