Last updated on 2025-11-11 15:50:41 CET.
| Flavor | Version | Tinstall | Tcheck | Ttotal | Status | Flags |
|---|---|---|---|---|---|---|
| r-devel-linux-x86_64-debian-clang | 0.1.0 | 2.13 | 58.39 | 60.52 | NOTE | |
| r-devel-linux-x86_64-debian-gcc | 0.1.0 | 1.61 | 42.85 | 44.46 | NOTE | |
| r-devel-linux-x86_64-fedora-clang | 0.1.0 | 95.62 | NOTE | |||
| r-devel-linux-x86_64-fedora-gcc | 0.1.0 | 103.48 | NOTE | |||
| r-devel-windows-x86_64 | 0.1.0 | 3.00 | 71.00 | 74.00 | NOTE | |
| r-patched-linux-x86_64 | 0.1.0 | 2.32 | 53.84 | 56.16 | NOTE | |
| r-release-linux-x86_64 | 0.1.0 | 2.16 | 53.93 | 56.09 | NOTE | |
| r-release-macos-arm64 | 0.1.0 | 1.00 | 31.00 | 32.00 | NOTE | |
| r-release-macos-x86_64 | 0.1.0 | 2.00 | 59.00 | 61.00 | NOTE | |
| r-release-windows-x86_64 | 0.1.0 | 5.00 | 66.00 | 71.00 | NOTE | |
| r-oldrel-macos-arm64 | 0.1.0 | 1.00 | 36.00 | 37.00 | OK | |
| r-oldrel-macos-x86_64 | 0.1.0 | 2.00 | 45.00 | 47.00 | OK | |
| r-oldrel-windows-x86_64 | 0.1.0 | 5.00 | 82.00 | 87.00 | OK |
Version: 0.1.0
Check: DESCRIPTION meta-information
Result: NOTE
Missing dependency on R >= 4.1.0 because package code uses the pipe
|> or function shorthand \(...) syntax added in R 4.1.0.
File(s) using such syntax:
‘OLStraj.R’ ‘cbc_lm.R’
Flavors: r-devel-linux-x86_64-debian-clang, r-devel-linux-x86_64-debian-gcc, r-devel-linux-x86_64-fedora-clang, r-devel-linux-x86_64-fedora-gcc, r-devel-windows-x86_64, r-patched-linux-x86_64, r-release-linux-x86_64, r-release-macos-arm64, r-release-macos-x86_64, r-release-windows-x86_64
These binaries (installable software) and packages are in development.
They may not be fully stable and should be used with caution. We make no claims about them.