Last updated on 2025-10-03 03:50:50 CEST.
Flavor | Version | Tinstall | Tcheck | Ttotal | Status | Flags |
---|---|---|---|---|---|---|
r-devel-linux-x86_64-debian-clang | 0.3 | 10.35 | 98.76 | 109.11 | OK | |
r-devel-linux-x86_64-debian-gcc | 0.3 | 6.57 | 70.81 | 77.38 | OK | |
r-devel-linux-x86_64-fedora-clang | 0.3 | 163.75 | NOTE | |||
r-devel-linux-x86_64-fedora-gcc | 0.3 | 157.34 | NOTE | |||
r-devel-windows-x86_64 | 0.3 | 11.00 | 97.00 | 108.00 | OK | |
r-patched-linux-x86_64 | 0.3 | 10.59 | 91.45 | 102.04 | OK | |
r-release-linux-x86_64 | 0.3 | 10.11 | 90.12 | 100.23 | OK | |
r-release-macos-arm64 | 0.3 | 41.00 | OK | |||
r-release-macos-x86_64 | 0.3 | 77.00 | OK | |||
r-release-windows-x86_64 | 0.3 | 11.00 | 98.00 | 109.00 | OK | |
r-oldrel-macos-arm64 | 0.3 | 40.00 | NOTE | |||
r-oldrel-macos-x86_64 | 0.3 | 63.00 | NOTE | |||
r-oldrel-windows-x86_64 | 0.3 | 15.00 | 123.00 | 138.00 | NOTE |
Version: 0.3
Check: dependencies in R code
Result: NOTE
Namespaces in Imports field not imported from:
‘randomForest’ ‘ranger’
All declared Imports should be used.
Flavors: r-devel-linux-x86_64-fedora-clang, r-devel-linux-x86_64-fedora-gcc
Version: 0.3
Check: LazyData
Result: NOTE
'LazyData' is specified without a 'data' directory
Flavors: r-oldrel-macos-arm64, r-oldrel-macos-x86_64, r-oldrel-windows-x86_64
These binaries (installable software) and packages are in development.
They may not be fully stable and should be used with caution. We make no claims about them.