Last updated on 2025-05-01 14:49:17 CEST.
Flavor | Version | Tinstall | Tcheck | Ttotal | Status | Flags |
---|---|---|---|---|---|---|
r-devel-linux-x86_64-debian-clang | 0.3 | 9.66 | 92.26 | 101.92 | OK | |
r-devel-linux-x86_64-debian-gcc | 0.3 | 7.44 | 64.86 | 72.30 | OK | |
r-devel-linux-x86_64-fedora-clang | 0.3 | 141.92 | NOTE | |||
r-devel-linux-x86_64-fedora-gcc | 0.3 | 134.41 | NOTE | |||
r-devel-windows-x86_64 | 0.3 | 11.00 | 90.00 | 101.00 | OK | |
r-patched-linux-x86_64 | 0.3 | 9.11 | 83.36 | 92.47 | OK | |
r-release-linux-x86_64 | OK | |||||
r-release-macos-arm64 | 0.3 | 41.00 | OK | |||
r-release-macos-x86_64 | 0.3 | 77.00 | OK | |||
r-release-windows-x86_64 | 0.3 | 11.00 | 91.00 | 102.00 | OK | |
r-oldrel-macos-arm64 | 0.3 | 40.00 | NOTE | |||
r-oldrel-macos-x86_64 | 0.3 | 63.00 | NOTE | |||
r-oldrel-windows-x86_64 | 0.3 | 13.00 | 115.00 | 128.00 | NOTE |
Version: 0.3
Check: dependencies in R code
Result: NOTE
Namespaces in Imports field not imported from:
‘randomForest’ ‘ranger’
All declared Imports should be used.
Flavors: r-devel-linux-x86_64-fedora-clang, r-devel-linux-x86_64-fedora-gcc
Version: 0.3
Check: LazyData
Result: NOTE
'LazyData' is specified without a 'data' directory
Flavors: r-oldrel-macos-arm64, r-oldrel-macos-x86_64, r-oldrel-windows-x86_64
These binaries (installable software) and packages are in development.
They may not be fully stable and should be used with caution. We make no claims about them.