Last updated on 2024-07-27 15:50:28 CEST.
Flavor | Version | Tinstall | Tcheck | Ttotal | Status | Flags |
---|---|---|---|---|---|---|
r-devel-linux-x86_64-debian-clang | 0.3 | 10.20 | 105.92 | 116.12 | NOTE | |
r-devel-linux-x86_64-debian-gcc | 0.3 | NOTE | ||||
r-devel-linux-x86_64-fedora-clang | 0.3 | 141.55 | NOTE | |||
r-devel-linux-x86_64-fedora-gcc | 0.3 | 133.37 | NOTE | |||
r-devel-windows-x86_64 | 0.3 | 12.00 | 89.00 | 101.00 | NOTE | |
r-patched-linux-x86_64 | 0.3 | NOTE | ||||
r-release-linux-x86_64 | 0.3 | 8.60 | 97.21 | 105.81 | NOTE | |
r-release-macos-arm64 | 0.3 | 40.00 | NOTE | |||
r-release-macos-x86_64 | 0.3 | 63.00 | NOTE | |||
r-release-windows-x86_64 | 0.3 | 11.00 | 87.00 | 98.00 | NOTE | |
r-oldrel-macos-arm64 | 0.3 | 45.00 | NOTE | |||
r-oldrel-macos-x86_64 | 0.3 | 74.00 | NOTE | |||
r-oldrel-windows-x86_64 | 0.3 | 14.00 | 109.00 | 123.00 | NOTE |
Version: 0.3
Check: LazyData
Result: NOTE
'LazyData' is specified without a 'data' directory
Flavors: r-devel-linux-x86_64-debian-clang, r-devel-linux-x86_64-debian-gcc, r-devel-linux-x86_64-fedora-clang, r-devel-linux-x86_64-fedora-gcc, r-devel-windows-x86_64, r-patched-linux-x86_64, r-release-linux-x86_64, r-release-macos-arm64, r-release-macos-x86_64, r-release-windows-x86_64, r-oldrel-macos-arm64, r-oldrel-macos-x86_64, r-oldrel-windows-x86_64
Version: 0.3
Check: dependencies in R code
Result: NOTE
Namespaces in Imports field not imported from:
‘randomForest’ ‘ranger’
All declared Imports should be used.
Flavors: r-devel-linux-x86_64-fedora-clang, r-devel-linux-x86_64-fedora-gcc
These binaries (installable software) and packages are in development.
They may not be fully stable and should be used with caution. We make no claims about them.