Last updated on 2025-02-16 10:50:54 CET.
Flavor | Version | Tinstall | Tcheck | Ttotal | Status | Flags |
---|---|---|---|---|---|---|
r-devel-linux-x86_64-debian-clang | 1.0.0 | 3.06 | 307.00 | 310.06 | OK | |
r-devel-linux-x86_64-debian-gcc | 1.0.0 | 2.08 | 171.04 | 173.12 | OK | |
r-devel-linux-x86_64-fedora-clang | 1.0.0 | 562.03 | OK | |||
r-devel-linux-x86_64-fedora-gcc | 1.0.0 | 474.24 | OK | |||
r-devel-macos-arm64 | 1.0.0 | 124.00 | OK | |||
r-devel-macos-x86_64 | 1.0.0 | 256.00 | OK | |||
r-devel-windows-x86_64 | 1.0.0 | 4.00 | 252.00 | 256.00 | OK | |
r-patched-linux-x86_64 | 1.0.0 | 3.10 | 284.69 | 287.79 | NOTE | |
r-release-linux-x86_64 | 1.0.0 | 3.05 | 283.59 | 286.64 | NOTE | |
r-release-macos-arm64 | 1.0.0 | 124.00 | NOTE | |||
r-release-macos-x86_64 | 1.0.0 | 190.00 | NOTE | |||
r-release-windows-x86_64 | 1.0.0 | 5.00 | 257.00 | 262.00 | NOTE | |
r-oldrel-macos-arm64 | 1.0.0 | 124.00 | NOTE | |||
r-oldrel-macos-x86_64 | 1.0.0 | 223.00 | NOTE | |||
r-oldrel-windows-x86_64 | 1.0.0 | 6.00 | 385.00 | 391.00 | NOTE |
Version: 1.0.0
Check: LazyData
Result: NOTE
'LazyData' is specified without a 'data' directory
Flavors: r-patched-linux-x86_64, r-release-linux-x86_64, r-release-macos-arm64, r-release-macos-x86_64, r-release-windows-x86_64, r-oldrel-macos-arm64, r-oldrel-macos-x86_64, r-oldrel-windows-x86_64
These binaries (installable software) and packages are in development.
They may not be fully stable and should be used with caution. We make no claims about them.