CRAN Package Check Results for Package ORCME

Last updated on 2025-10-23 21:51:35 CEST.

Flavor Version Tinstall Tcheck Ttotal Status Flags
r-devel-linux-x86_64-debian-clang 2.0.2 2.03 26.11 28.14 NOTE
r-devel-linux-x86_64-debian-gcc 2.0.2 1.64 19.72 21.36 NOTE
r-devel-linux-x86_64-fedora-clang 2.0.2 41.31 OK
r-devel-linux-x86_64-fedora-gcc 2.0.2 39.57 OK
r-devel-windows-x86_64 2.0.2 4.00 44.00 48.00 OK
r-patched-linux-x86_64 2.0.2 2.46 24.24 26.70 OK
r-release-linux-x86_64 2.0.2 2.13 24.27 26.40 OK
r-release-macos-arm64 2.0.2 1.00 15.00 16.00 OK
r-release-macos-x86_64 2.0.2 2.00 25.00 27.00 OK
r-release-windows-x86_64 2.0.2 4.00 46.00 50.00 OK
r-oldrel-macos-arm64 2.0.2 1.00 14.00 15.00 OK
r-oldrel-macos-x86_64 2.0.2 2.00 22.00 24.00 OK
r-oldrel-windows-x86_64 2.0.2 4.00 45.00 49.00 OK

Additional issues

donttest

Check Details

Version: 2.0.2
Check: CRAN incoming feasibility
Result: NOTE Maintainer: ‘Rudradev Sengupta <rudradev.sengupta@uhasselt.be>’ No Authors@R field in DESCRIPTION. Please add one, modifying Authors@R: c(person(given = "Adetayo", family = "Kasim", role = "aut"), person(given = "Martin", family = "Otava", role = "aut"), person(given = "Tobias", family = "Verbeke", role = "aut"), person(given = "Rudradev", family = "Sengupta", role = "cre", email = "rudradev.sengupta@uhasselt.be")) as necessary. Flavors: r-devel-linux-x86_64-debian-clang, r-devel-linux-x86_64-debian-gcc

These binaries (installable software) and packages are in development.
They may not be fully stable and should be used with caution. We make no claims about them.