Last updated on 2025-05-21 23:48:50 CEST.
Flavor | Version | Tinstall | Tcheck | Ttotal | Status | Flags |
---|---|---|---|---|---|---|
r-devel-linux-x86_64-debian-clang | 1.0.2 | 3.41 | 42.22 | 45.63 | NOTE | |
r-devel-linux-x86_64-debian-gcc | 1.0.2 | 2.54 | 32.16 | 34.70 | NOTE | |
r-devel-linux-x86_64-fedora-clang | 1.0.2 | 71.64 | OK | |||
r-devel-linux-x86_64-fedora-gcc | 1.0.2 | 82.71 | OK | |||
r-devel-windows-x86_64 | 1.0.2 | 8.00 | 67.00 | 75.00 | NOTE | |
r-patched-linux-x86_64 | 1.0.2 | 3.15 | 40.75 | 43.90 | NOTE | |
r-release-linux-x86_64 | 1.0.2 | 3.36 | 39.70 | 43.06 | NOTE | |
r-release-macos-arm64 | 1.0.2 | 33.00 | OK | |||
r-release-macos-x86_64 | 1.0.2 | 54.00 | OK | |||
r-release-windows-x86_64 | 1.0.2 | 6.00 | 64.00 | 70.00 | NOTE | |
r-oldrel-macos-arm64 | 1.0.2 | 40.00 | OK | |||
r-oldrel-macos-x86_64 | 1.0.2 | 54.00 | OK | |||
r-oldrel-windows-x86_64 | 1.0.2 | 8.00 | 74.00 | 82.00 | OK |
Version: 1.0.2
Check: Rd cross-references
Result: NOTE
Found the following Rd file(s) with Rd \link{} targets missing package
anchors:
join_multireader_data.Rd: bind_rows
Please provide package anchors for all Rd \link{} targets not in the
package itself and the base packages.
Flavors: r-devel-linux-x86_64-debian-clang, r-devel-linux-x86_64-debian-gcc, r-devel-windows-x86_64, r-patched-linux-x86_64, r-release-linux-x86_64, r-release-windows-x86_64
These binaries (installable software) and packages are in development.
They may not be fully stable and should be used with caution. We make no claims about them.