CRAN Package Check Results for Package ORION

Last updated on 2025-02-16 10:50:54 CET.

Flavor Version Tinstall Tcheck Ttotal Status Flags
r-devel-linux-x86_64-debian-clang 1.0.3 7.70 93.55 101.25 NOTE
r-devel-linux-x86_64-debian-gcc 1.0.3 5.67 62.64 68.31 NOTE
r-devel-linux-x86_64-fedora-clang 1.0.3 174.52 OK
r-devel-linux-x86_64-fedora-gcc 1.0.3 166.07 OK
r-devel-macos-arm64 1.0.3 56.00 OK
r-devel-macos-x86_64 1.0.3 112.00 OK
r-devel-windows-x86_64 1.0.3 10.00 112.00 122.00 NOTE
r-patched-linux-x86_64 1.0.3 10.57 87.34 97.91 OK
r-release-linux-x86_64 1.0.3 6.83 87.57 94.40 OK
r-release-macos-arm64 1.0.3 47.00 OK
r-release-macos-x86_64 1.0.3 78.00 OK
r-release-windows-x86_64 1.0.3 11.00 109.00 120.00 OK
r-oldrel-macos-arm64 1.0.3 53.00 OK
r-oldrel-macos-x86_64 1.0.3 82.00 OK
r-oldrel-windows-x86_64 1.0.3 14.00 130.00 144.00 OK

Check Details

Version: 1.0.3
Check: Rd cross-references
Result: NOTE Found the following Rd file(s) with Rd \link{} targets missing package anchors: predictionMap.Rd: generateCVRuns, tuneParetoClassifier tunePareto.occ.Rd: tunePareto.knn, tuneParetoClassifier, trainTuneParetoClassifier Please provide package anchors for all Rd \link{} targets not in the package itself and the base packages. Flavors: r-devel-linux-x86_64-debian-clang, r-devel-linux-x86_64-debian-gcc, r-devel-windows-x86_64

These binaries (installable software) and packages are in development.
They may not be fully stable and should be used with caution. We make no claims about them.