CRAN Package Check Results for Package ORION

Last updated on 2025-05-01 08:52:40 CEST.

Flavor Version Tinstall Tcheck Ttotal Status Flags
r-devel-linux-x86_64-debian-clang 1.0.3 7.25 93.30 100.55 NOTE
r-devel-linux-x86_64-debian-gcc 1.0.3 5.29 65.55 70.84 NOTE
r-devel-linux-x86_64-fedora-clang 1.0.3 159.52 OK
r-devel-linux-x86_64-fedora-gcc 1.0.3 169.47 OK
r-devel-windows-x86_64 1.0.3 11.00 108.00 119.00 NOTE
r-patched-linux-x86_64 1.0.3 6.94 88.60 95.54 NOTE
r-release-linux-x86_64 NOTE
r-release-macos-arm64 1.0.3 65.00 OK
r-release-macos-x86_64 1.0.3 109.00 OK
r-release-windows-x86_64 1.0.3 12.00 109.00 121.00 NOTE
r-oldrel-macos-arm64 1.0.3 47.00 OK
r-oldrel-macos-x86_64 1.0.3 78.00 OK
r-oldrel-windows-x86_64 1.0.3 15.00 141.00 156.00 OK

Check Details

Version: 1.0.3
Check: CRAN incoming feasibility
Result: NOTE Maintainer: ‘HA Kestler <hans.kestler@uni-ulm.de>’ No Authors@R field in DESCRIPTION. Please add one, modifying Authors@R: c(person(given = "L", family = "Lausser", role = "aut"), person(given = "LM", family = "Schaefer", role = "aut"), person(given = "R", family = "Szekely", role = "aut"), person(given = "HA", family = "Kestler", role = c("aut", "cre"), email = "hans.kestler@uni-ulm.de")) as necessary. Flavors: r-devel-linux-x86_64-debian-clang, r-devel-linux-x86_64-debian-gcc

Version: 1.0.3
Check: Rd cross-references
Result: NOTE Found the following Rd file(s) with Rd \link{} targets missing package anchors: predictionMap.Rd: generateCVRuns, tuneParetoClassifier tunePareto.occ.Rd: tunePareto.knn, tuneParetoClassifier, trainTuneParetoClassifier Please provide package anchors for all Rd \link{} targets not in the package itself and the base packages. Flavors: r-devel-linux-x86_64-debian-clang, r-devel-linux-x86_64-debian-gcc, r-devel-windows-x86_64, r-patched-linux-x86_64, r-release-linux-x86_64, r-release-windows-x86_64

These binaries (installable software) and packages are in development.
They may not be fully stable and should be used with caution. We make no claims about them.