CRAN Package Check Results for Package ORION

Last updated on 2025-10-03 17:48:41 CEST.

Flavor Version Tinstall Tcheck Ttotal Status Flags
r-devel-linux-x86_64-debian-clang 1.0.4 6.71 85.18 91.89 OK
r-devel-linux-x86_64-debian-gcc 1.0.4 4.50 59.40 63.90 OK
r-devel-linux-x86_64-fedora-clang 1.0.4 141.55 OK
r-devel-linux-x86_64-fedora-gcc 1.0.4 157.76 OK
r-devel-windows-x86_64 1.0.4 11.00 100.00 111.00 OK
r-patched-linux-x86_64 1.0.4 6.40 81.09 87.49 OK
r-release-linux-x86_64 1.0.3 6.33 91.89 98.22 NOTE
r-release-macos-arm64 1.0.4 65.00 OK
r-release-macos-x86_64 1.0.4 195.00 OK
r-release-windows-x86_64 1.0.4 13.00 102.00 115.00 OK
r-oldrel-macos-arm64 1.0.3 47.00 OK
r-oldrel-macos-x86_64 1.0.4 226.00 OK
r-oldrel-windows-x86_64 1.0.4 12.00 126.00 138.00 OK

Check Details

Version: 1.0.3
Check: Rd cross-references
Result: NOTE Found the following Rd file(s) with Rd \link{} targets missing package anchors: predictionMap.Rd: generateCVRuns, tuneParetoClassifier tunePareto.occ.Rd: tunePareto.knn, tuneParetoClassifier, trainTuneParetoClassifier Please provide package anchors for all Rd \link{} targets not in the package itself and the base packages. Flavor: r-release-linux-x86_64

These binaries (installable software) and packages are in development.
They may not be fully stable and should be used with caution. We make no claims about them.