CRAN Package Check Results for Package OSCV

Last updated on 2025-02-16 10:50:54 CET.

Flavor Version Tinstall Tcheck Ttotal Status Flags
r-devel-linux-x86_64-debian-clang 1.0 6.94 47.08 54.02 OK
r-devel-linux-x86_64-debian-gcc 1.0 4.40 32.80 37.20 OK
r-devel-linux-x86_64-fedora-clang 1.0 89.70 OK
r-devel-linux-x86_64-fedora-gcc 1.0 78.38 OK
r-devel-macos-arm64 1.0 27.00 OK
r-devel-macos-x86_64 1.0 44.00 OK
r-devel-windows-x86_64 1.0 9.00 64.00 73.00 OK
r-patched-linux-x86_64 1.0 5.95 42.47 48.42 NOTE
r-release-linux-x86_64 1.0 7.05 43.31 50.36 NOTE
r-release-macos-arm64 1.0 27.00 NOTE
r-release-macos-x86_64 1.0 38.00 NOTE
r-release-windows-x86_64 1.0 8.00 66.00 74.00 NOTE
r-oldrel-macos-arm64 1.0 19.00 NOTE
r-oldrel-macos-x86_64 1.0 24.00 NOTE
r-oldrel-windows-x86_64 1.0 11.00 75.00 86.00 NOTE

Check Details

Version: 1.0
Check: LazyData
Result: NOTE 'LazyData' is specified without a 'data' directory Flavors: r-patched-linux-x86_64, r-release-linux-x86_64, r-release-macos-arm64, r-release-macos-x86_64, r-release-windows-x86_64, r-oldrel-macos-arm64, r-oldrel-macos-x86_64, r-oldrel-windows-x86_64

These binaries (installable software) and packages are in development.
They may not be fully stable and should be used with caution. We make no claims about them.