CRAN Package Check Results for Package OSNMTF

Last updated on 2025-05-01 14:49:17 CEST.

Flavor Version Tinstall Tcheck Ttotal Status Flags
r-devel-linux-x86_64-debian-clang 0.1.0 4.44 38.29 42.73 NOTE
r-devel-linux-x86_64-debian-gcc 0.1.0 2.84 28.90 31.74 NOTE
r-devel-linux-x86_64-fedora-clang 0.1.0 67.76 OK
r-devel-linux-x86_64-fedora-gcc 0.1.0 78.65 OK
r-devel-windows-x86_64 0.1.0 6.00 57.00 63.00 OK
r-patched-linux-x86_64 0.1.0 4.09 36.54 40.63 OK
r-release-linux-x86_64 OK
r-release-macos-arm64 0.1.0 31.00 OK
r-release-macos-x86_64 0.1.0 53.00 OK
r-release-windows-x86_64 0.1.0 6.00 57.00 63.00 OK
r-oldrel-macos-arm64 0.1.0 28.00 NOTE
r-oldrel-macos-x86_64 0.1.0 45.00 NOTE
r-oldrel-windows-x86_64 0.1.0 6.00 66.00 72.00 NOTE

Check Details

Version: 0.1.0
Check: CRAN incoming feasibility
Result: NOTE Maintainer: ‘Xiaoyao Yin <yinxy1992@sina.com>’ No Authors@R field in DESCRIPTION. Please add one, modifying Authors@R: person(given = "Xiaoyao", family = "Yin", role = c("aut", "cre"), email = "yinxy1992@sina.com") as necessary. Flavors: r-devel-linux-x86_64-debian-clang, r-devel-linux-x86_64-debian-gcc

Version: 0.1.0
Check: LazyData
Result: NOTE 'LazyData' is specified without a 'data' directory Flavors: r-oldrel-macos-arm64, r-oldrel-macos-x86_64, r-oldrel-windows-x86_64

These binaries (installable software) and packages are in development.
They may not be fully stable and should be used with caution. We make no claims about them.