CRAN Package Check Results for Package OTUtable

Last updated on 2025-07-01 11:49:25 CEST.

Flavor Version Tinstall Tcheck Ttotal Status Flags
r-devel-linux-x86_64-debian-clang 1.1.2 2.57 35.69 38.26 NOTE
r-devel-linux-x86_64-debian-gcc 1.1.2 2.02 28.17 30.19 NOTE
r-devel-linux-x86_64-fedora-clang 1.1.2 60.74 OK
r-devel-linux-x86_64-fedora-gcc 1.1.2 56.70 OK
r-devel-windows-x86_64 1.1.2 3.00 56.00 59.00 OK
r-patched-linux-x86_64 OK
r-release-linux-x86_64 1.1.2 2.56 33.55 36.11 OK
r-release-macos-arm64 1.1.2 26.00 OK
r-release-macos-x86_64 1.1.2 37.00 OK
r-release-windows-x86_64 1.1.2 3.00 56.00 59.00 OK
r-oldrel-macos-arm64 1.1.2 21.00 OK
r-oldrel-macos-x86_64 1.1.2 29.00 OK
r-oldrel-windows-x86_64 1.1.2 5.00 55.00 60.00 OK

Check Details

Version: 1.1.2
Check: CRAN incoming feasibility
Result: NOTE Maintainer: ‘Alexandra Linz <amlinz16@gmail.com>’ No Authors@R field in DESCRIPTION. Please add one, modifying Authors@R: person(given = "Alexandra", family = "Linz", role = c("aut", "cre"), email = "amlinz16@gmail.com") as necessary. Flavors: r-devel-linux-x86_64-debian-clang, r-devel-linux-x86_64-debian-gcc

These binaries (installable software) and packages are in development.
They may not be fully stable and should be used with caution. We make no claims about them.