Last updated on 2025-11-13 01:50:28 CET.
| Flavor | Version | Tinstall | Tcheck | Ttotal | Status | Flags |
|---|---|---|---|---|---|---|
| r-devel-linux-x86_64-debian-clang | 0.1.2 | 24.26 | 385.77 | 410.03 | NOTE | |
| r-devel-linux-x86_64-debian-gcc | 0.1.2 | 13.09 | 238.81 | 251.90 | NOTE | |
| r-devel-linux-x86_64-fedora-clang | 0.1.2 | 60.00 | 579.20 | 639.20 | NOTE | |
| r-devel-linux-x86_64-fedora-gcc | 0.1.2 | 51.00 | 566.14 | 617.14 | NOTE | |
| r-devel-windows-x86_64 | 0.1.2 | 23.00 | 326.00 | 349.00 | NOTE | |
| r-patched-linux-x86_64 | 0.1.2 | 19.53 | 359.30 | 378.83 | NOTE | |
| r-release-linux-x86_64 | 0.1.2 | 19.10 | 358.48 | 377.58 | NOTE | |
| r-release-macos-arm64 | 0.1.2 | 11.00 | 205.00 | 216.00 | NOTE | |
| r-release-macos-x86_64 | 0.1.2 | 18.00 | 283.00 | 301.00 | NOTE | |
| r-release-windows-x86_64 | 0.1.2 | 24.00 | 325.00 | 349.00 | NOTE | |
| r-oldrel-macos-arm64 | 0.1.2 | 11.00 | 144.00 | 155.00 | NOTE | |
| r-oldrel-macos-x86_64 | 0.1.2 | 13.00 | 221.00 | 234.00 | NOTE | |
| r-oldrel-windows-x86_64 | 0.1.2 | 32.00 | 454.00 | 486.00 | NOTE |
Version: 0.1.2
Check: Rd files
Result: NOTE
checkRd: (-1) imput_cov.Rd:79: Lost braces
79 | \item van Buuren, S., Groothuis-Oudshoorn, K. (2011). mice: Multivariate Imputation by Chained Equations in R. Journal of Statistical Software, 45(3), 1–67. url{https://www.jstatsoft.org/v45/i03/}
| ^
checkRd: (-1) indiv_grp_closest.Rd:47: Lost braces; missing escapes or markup?
47 | The function \code{indiv_grp_closest} is an intermediate function used in the implementation of an algorithm called {OUTCOME} (and its enrichment {R-OUTCOME}, see the reference (2) for more details) dedicated to the solving of recoding problems in data fusion using Optimal Transportation theory.
| ^
checkRd: (-1) indiv_grp_closest.Rd:47: Lost braces; missing escapes or markup?
47 | The function \code{indiv_grp_closest} is an intermediate function used in the implementation of an algorithm called {OUTCOME} (and its enrichment {R-OUTCOME}, see the reference (2) for more details) dedicated to the solving of recoding problems in data fusion using Optimal Transportation theory.
| ^
checkRd: (-1) merge_dbs.Rd:179: Lost braces
179 | \item van Buuren, S., Groothuis-Oudshoorn, K. (2011). mice: Multivariate Imputation by Chained Equations in R. Journal of Statistical Software, 45(3), 1–67. url{https://www.jstatsoft.org/v45/i03/}
| ^
Flavors: r-devel-linux-x86_64-debian-clang, r-devel-linux-x86_64-debian-gcc, r-devel-linux-x86_64-fedora-clang, r-devel-linux-x86_64-fedora-gcc, r-devel-windows-x86_64, r-patched-linux-x86_64, r-release-linux-x86_64, r-release-macos-arm64, r-release-macos-x86_64, r-release-windows-x86_64, r-oldrel-macos-arm64, r-oldrel-macos-x86_64, r-oldrel-windows-x86_64
These binaries (installable software) and packages are in development.
They may not be fully stable and should be used with caution. We make no claims about them.