Last updated on 2025-10-24 05:50:49 CEST.
| Flavor | Version | Tinstall | Tcheck | Ttotal | Status | Flags |
|---|---|---|---|---|---|---|
| r-devel-linux-x86_64-debian-clang | 0.3.0 | 2.29 | 29.45 | 31.74 | NOTE | |
| r-devel-linux-x86_64-debian-gcc | 0.3.0 | 1.58 | 23.91 | 25.49 | NOTE | |
| r-devel-linux-x86_64-fedora-clang | 0.3.0 | 47.12 | OK | |||
| r-devel-linux-x86_64-fedora-gcc | 0.3.0 | 58.10 | OK | |||
| r-devel-windows-x86_64 | 0.3.0 | 3.00 | 48.00 | 51.00 | OK | |
| r-patched-linux-x86_64 | 0.3.0 | 2.14 | 26.94 | 29.08 | OK | |
| r-release-linux-x86_64 | 0.3.0 | 2.23 | 26.96 | 29.19 | OK | |
| r-release-macos-arm64 | 0.3.0 | 1.00 | 31.00 | 32.00 | OK | |
| r-release-macos-x86_64 | 0.3.0 | 2.00 | 42.00 | 44.00 | OK | |
| r-release-windows-x86_64 | 0.3.0 | 4.00 | 50.00 | 54.00 | OK | |
| r-oldrel-macos-arm64 | 0.3.0 | 1.00 | 22.00 | 23.00 | OK | |
| r-oldrel-macos-x86_64 | 0.3.0 | 2.00 | 33.00 | 35.00 | OK | |
| r-oldrel-windows-x86_64 | 0.3.0 | 4.00 | 54.00 | 58.00 | OK |
Version: 0.3.0
Check: CRAN incoming feasibility
Result: NOTE
Maintainer: ‘Paul R. Hibbing <paulhibbing@gmail.com>’
Package CITATION file contains call(s) to old-style personList() or
as.personList(). Please use c() on person objects instead.
Package CITATION file contains call(s) to old-style citEntry(). Please
use bibentry() instead.
Flavors: r-devel-linux-x86_64-debian-clang, r-devel-linux-x86_64-debian-gcc
Version: 0.3.0
Check: HTML version of manual
Result: NOTE
Found the following HTML validation problems:
check_interactive.html:46:1 (check_interactive.Rd:10): Warning: missing </ul> before </div>
interactive_comp_lookup.html:62:1 (interactive_comp_lookup.Rd:19): Warning: missing </ul> before </div>
interactive_tree_intensity.html:49:1 (interactive_tree_intensity.Rd:10): Warning: missing </ul> before </div>
Flavor: r-devel-linux-x86_64-debian-clang
These binaries (installable software) and packages are in development.
They may not be fully stable and should be used with caution. We make no claims about them.