CRAN Package Check Results for Package Observation

Last updated on 2025-05-08 04:52:12 CEST.

Flavor Version Tinstall Tcheck Ttotal Status Flags
r-devel-linux-x86_64-debian-clang 0.3.0 2.07 27.40 29.47 NOTE
r-devel-linux-x86_64-debian-gcc 0.3.0 1.72 22.17 23.89 NOTE
r-devel-linux-x86_64-fedora-clang 0.3.0 45.85 OK
r-devel-linux-x86_64-fedora-gcc 0.3.0 57.40 OK
r-devel-windows-x86_64 0.3.0 3.00 49.00 52.00 OK
r-patched-linux-x86_64 0.3.0 2.40 25.35 27.75 OK
r-release-linux-x86_64 0.3.0 1.99 25.32 27.31 OK
r-release-macos-arm64 0.3.0 32.00 OK
r-release-macos-x86_64 0.3.0 44.00 OK
r-release-windows-x86_64 0.3.0 4.00 51.00 55.00 OK
r-oldrel-macos-arm64 0.3.0 23.00 OK
r-oldrel-macos-x86_64 0.3.0 35.00 OK
r-oldrel-windows-x86_64 0.3.0 4.00 56.00 60.00 OK

Check Details

Version: 0.3.0
Check: CRAN incoming feasibility
Result: NOTE Maintainer: ‘Paul R. Hibbing <paulhibbing@gmail.com>’ Package CITATION file contains call(s) to old-style personList() or as.personList(). Please use c() on person objects instead. Package CITATION file contains call(s) to old-style citEntry(). Please use bibentry() instead. Flavors: r-devel-linux-x86_64-debian-clang, r-devel-linux-x86_64-debian-gcc

These binaries (installable software) and packages are in development.
They may not be fully stable and should be used with caution. We make no claims about them.