Last updated on 2025-02-16 10:50:53 CET.
Flavor | Version | Tinstall | Tcheck | Ttotal | Status | Flags |
---|---|---|---|---|---|---|
r-devel-linux-x86_64-debian-clang | 1.0.7 | 10.09 | 90.79 | 100.88 | NOTE | |
r-devel-linux-x86_64-debian-gcc | 1.0.7 | 8.02 | 70.79 | 78.81 | NOTE | |
r-devel-linux-x86_64-fedora-clang | 1.0.7 | 180.35 | OK | |||
r-devel-linux-x86_64-fedora-gcc | 1.0.7 | 174.07 | OK | |||
r-devel-macos-arm64 | 1.0.7 | 82.00 | OK | |||
r-devel-macos-x86_64 | 1.0.7 | 162.00 | OK | |||
r-devel-windows-x86_64 | 1.0.7 | 14.00 | 147.00 | 161.00 | NOTE | |
r-patched-linux-x86_64 | 1.0.7 | 15.54 | 88.10 | 103.64 | OK | |
r-release-linux-x86_64 | 1.0.7 | 8.81 | 87.92 | 96.73 | OK | |
r-release-macos-arm64 | 1.0.7 | 82.00 | OK | |||
r-release-macos-x86_64 | 1.0.7 | 106.00 | OK | |||
r-release-windows-x86_64 | 1.0.7 | 13.00 | 152.00 | 165.00 | OK | |
r-oldrel-macos-arm64 | 1.0.7 | 100.00 | OK | |||
r-oldrel-macos-x86_64 | 1.0.7 | 128.00 | OK | |||
r-oldrel-windows-x86_64 | 1.0.7 | 15.00 | 179.00 | 194.00 | OK |
Version: 1.0.7
Check: Rd cross-references
Result: NOTE
Found the following Rd file(s) with Rd \link{} targets missing package
anchors:
Chesapeake.Rd: Oxsat
Sylt.Rd: image2D, ImageOcean, scatter2D, Oxsat
TempTraject.Rd: image2D, ImageOcean, scatter2D, Oxsat
WSnioz.Rd: image2D, ImageOcean, scatter2D, Oxsat
moviepersp.Rd: persp3Drgl, jet.col
movieslice.Rd: slice3Drgl, jet.col, slice3D
quiver.Rd: jet.col, colkey, contour2D, image2D, arrows2D, arrows3D,
Arrows
tracers2D.Rd: colkey, contour2D, image2D, scatter2D
tracers3D.Rd: points3Drgl, colkey, scatter3D
vectorplot.Rd: jet.col, colkey, Arrows
Please provide package anchors for all Rd \link{} targets not in the
package itself and the base packages.
Flavors: r-devel-linux-x86_64-debian-clang, r-devel-linux-x86_64-debian-gcc, r-devel-windows-x86_64
These binaries (installable software) and packages are in development.
They may not be fully stable and should be used with caution. We make no claims about them.