CRAN Package Check Results for Package Ohit

Last updated on 2025-05-08 04:52:12 CEST.

Flavor Version Tinstall Tcheck Ttotal Status Flags
r-devel-linux-x86_64-debian-clang 1.0.0 1.77 20.17 21.94 NOTE
r-devel-linux-x86_64-debian-gcc 1.0.0 1.43 16.14 17.57 NOTE
r-devel-linux-x86_64-fedora-clang 1.0.0 34.49 OK
r-devel-linux-x86_64-fedora-gcc 1.0.0 33.50 OK
r-devel-windows-x86_64 1.0.0 2.00 42.00 44.00 OK
r-patched-linux-x86_64 1.0.0 1.91 20.02 21.93 OK
r-release-linux-x86_64 1.0.0 1.83 20.15 21.98 OK
r-release-macos-arm64 1.0.0 16.00 OK
r-release-macos-x86_64 1.0.0 30.00 OK
r-release-windows-x86_64 1.0.0 2.00 42.00 44.00 OK
r-oldrel-macos-arm64 1.0.0 16.00 OK
r-oldrel-macos-x86_64 1.0.0 23.00 OK
r-oldrel-windows-x86_64 1.0.0 4.00 40.00 44.00 OK

Check Details

Version: 1.0.0
Check: CRAN incoming feasibility
Result: NOTE Maintainer: ‘Hai-Tang Chiou <htchiou1@gmail.com>’ No Authors@R field in DESCRIPTION. Please add one, modifying Authors@R: c(person(given = "Hai-Tang", family = "Chiou", role = c("aut", "cre"), email = "htchiou1@gmail.com"), person(given = "Ching-Kang", family = "Ing", role = "aut"), person(given = c("Tze", "Leung"), family = "Lai", role = "aut")) as necessary. Flavors: r-devel-linux-x86_64-debian-clang, r-devel-linux-x86_64-debian-gcc

These binaries (installable software) and packages are in development.
They may not be fully stable and should be used with caution. We make no claims about them.