Last updated on 2024-07-27 15:50:28 CEST.
Flavor | Version | Tinstall | Tcheck | Ttotal | Status | Flags |
---|---|---|---|---|---|---|
r-devel-linux-x86_64-debian-clang | 1.0.1 | 17.23 | 89.97 | 107.20 | OK | |
r-devel-linux-x86_64-debian-gcc | 1.0.1 | OK | ||||
r-devel-linux-x86_64-fedora-clang | 1.0.1 | 135.10 | NOTE | |||
r-devel-linux-x86_64-fedora-gcc | 1.0.1 | 128.55 | OK | |||
r-devel-windows-x86_64 | 1.0.1 | 15.00 | 83.00 | 98.00 | NOTE | |
r-patched-linux-x86_64 | 1.0.1 | OK | ||||
r-release-linux-x86_64 | 1.0.1 | 8.98 | 86.49 | 95.47 | OK | |
r-release-macos-arm64 | 1.0.1 | 45.00 | NOTE | |||
r-release-macos-x86_64 | 1.0.1 | 58.00 | NOTE | |||
r-release-windows-x86_64 | 1.0.1 | 14.00 | 83.00 | 97.00 | NOTE | |
r-oldrel-macos-arm64 | 1.0.1 | 65.00 | NOTE | |||
r-oldrel-macos-x86_64 | 1.0.1 | 130.00 | NOTE | |||
r-oldrel-windows-x86_64 | 1.0.1 | 19.00 | 97.00 | 116.00 | NOTE |
Version: 1.0.1
Check: installed package size
Result: NOTE
installed size is 5.1Mb
sub-directories of 1Mb or more:
data 4.7Mb
Flavors: r-devel-linux-x86_64-fedora-clang, r-devel-windows-x86_64, r-release-macos-arm64, r-release-macos-x86_64, r-release-windows-x86_64, r-oldrel-macos-arm64, r-oldrel-macos-x86_64, r-oldrel-windows-x86_64
These binaries (installable software) and packages are in development.
They may not be fully stable and should be used with caution. We make no claims about them.