Last updated on 2025-05-01 12:49:35 CEST.
Flavor | Version | Tinstall | Tcheck | Ttotal | Status | Flags |
---|---|---|---|---|---|---|
r-devel-linux-x86_64-debian-clang | 1.0.2 | 13.57 | 77.34 | 90.91 | NOTE | |
r-devel-linux-x86_64-debian-gcc | 1.0.2 | 8.95 | 56.56 | 65.51 | NOTE | |
r-devel-linux-x86_64-fedora-clang | 1.0.2 | 146.89 | NOTE | |||
r-devel-linux-x86_64-fedora-gcc | 1.0.2 | 145.00 | NOTE | |||
r-devel-windows-x86_64 | 1.0.2 | 16.00 | 84.00 | 100.00 | NOTE | |
r-patched-linux-x86_64 | 1.0.2 | 13.65 | 73.88 | 87.53 | NOTE | |
r-release-linux-x86_64 | NOTE | |||||
r-release-macos-arm64 | 1.0.2 | 45.00 | NOTE | |||
r-release-macos-x86_64 | 1.0.2 | 84.00 | NOTE | |||
r-release-windows-x86_64 | 1.0.2 | 16.00 | 88.00 | 104.00 | NOTE | |
r-oldrel-macos-arm64 | 1.0.2 | 52.00 | NOTE | |||
r-oldrel-macos-x86_64 | 1.0.2 | 89.00 | NOTE | |||
r-oldrel-windows-x86_64 | 1.0.2 | 17.00 | 105.00 | 122.00 | NOTE |
Version: 1.0.2
Check: DESCRIPTION meta-information
Result: NOTE
Missing dependency on R >= 4.1.0 because package code uses the pipe
|> or function shorthand \(...) syntax added in R 4.1.0.
File(s) using such syntax:
‘app_server.R’
Flavors: r-devel-linux-x86_64-debian-clang, r-devel-linux-x86_64-debian-gcc, r-devel-linux-x86_64-fedora-clang, r-devel-linux-x86_64-fedora-gcc, r-devel-windows-x86_64, r-patched-linux-x86_64, r-release-linux-x86_64, r-release-macos-arm64, r-release-macos-x86_64, r-release-windows-x86_64
Version: 1.0.2
Check: examples
Result: NOTE
Examples with CPU (user + system) or elapsed time > 5s
user system elapsed
Olympic 3.67 0.156 6.042
Flavor: r-devel-linux-x86_64-debian-clang
Version: 1.0.2
Check: installed package size
Result: NOTE
installed size is 6.0Mb
sub-directories of 1Mb or more:
data 5.6Mb
Flavors: r-oldrel-macos-arm64, r-oldrel-macos-x86_64, r-oldrel-windows-x86_64
These binaries (installable software) and packages are in development.
They may not be fully stable and should be used with caution. We make no claims about them.