Last updated on 2025-11-12 19:51:56 CET.
| Flavor | Version | Tinstall | Tcheck | Ttotal | Status | Flags |
|---|---|---|---|---|---|---|
| r-devel-linux-x86_64-debian-clang | 1.4.0 | 58.59 | 135.35 | 193.94 | OK | |
| r-devel-linux-x86_64-debian-gcc | 1.4.0 | 42.37 | 93.19 | 135.56 | OK | |
| r-devel-linux-x86_64-fedora-clang | 1.4.0 | 367.00 | -7.66 | 359.34 | OK | |
| r-devel-linux-x86_64-fedora-gcc | 1.4.0 | 126.00 | 179.58 | 305.58 | OK | |
| r-devel-windows-x86_64 | 1.4.0 | 74.00 | 148.00 | 222.00 | OK | |
| r-patched-linux-x86_64 | 1.4.0 | 62.50 | 124.82 | 187.32 | OK | |
| r-release-linux-x86_64 | 1.4.0 | 65.08 | 125.95 | 191.03 | OK | |
| r-release-macos-arm64 | 1.4.0 | 25.00 | 44.00 | 69.00 | OK | |
| r-release-macos-x86_64 | 1.4.0 | 53.00 | 154.00 | 207.00 | OK | |
| r-release-windows-x86_64 | 1.4.0 | 73.00 | 148.00 | 221.00 | OK | |
| r-oldrel-macos-arm64 | 1.4.0 | 24.00 | 46.00 | 70.00 | NOTE | |
| r-oldrel-macos-x86_64 | 1.4.0 | 61.00 | 146.00 | 207.00 | NOTE | |
| r-oldrel-windows-x86_64 | 1.4.0 | 88.00 | 194.00 | 282.00 | OK |
Version: 1.4.0
Check: installed package size
Result: NOTE
installed size is 5.0Mb
sub-directories of 1Mb or more:
libs 4.5Mb
Flavors: r-oldrel-macos-arm64, r-oldrel-macos-x86_64
These binaries (installable software) and packages are in development.
They may not be fully stable and should be used with caution. We make no claims about them.