Last updated on 2025-05-01 08:52:40 CEST.
Flavor | Version | Tinstall | Tcheck | Ttotal | Status | Flags |
---|---|---|---|---|---|---|
r-devel-linux-x86_64-debian-clang | 1.4.0 | 6.91 | 60.67 | 67.58 | NOTE | |
r-devel-linux-x86_64-debian-gcc | 1.4.0 | 4.71 | 45.85 | 50.56 | NOTE | |
r-devel-linux-x86_64-fedora-clang | 1.4.0 | 103.15 | OK | |||
r-devel-linux-x86_64-fedora-gcc | 1.4.0 | 114.78 | OK | |||
r-devel-windows-x86_64 | 1.4.0 | 8.00 | 89.00 | 97.00 | OK | |
r-patched-linux-x86_64 | 1.4.0 | 6.17 | 57.75 | 63.92 | OK | |
r-release-linux-x86_64 | OK | |||||
r-release-macos-arm64 | 1.4.0 | 45.00 | OK | |||
r-release-macos-x86_64 | 1.4.0 | 96.00 | OK | |||
r-release-windows-x86_64 | 1.4.0 | 8.00 | 96.00 | 104.00 | OK | |
r-oldrel-macos-arm64 | 1.4.0 | 41.00 | OK | |||
r-oldrel-macos-x86_64 | 1.4.0 | 59.00 | OK | |||
r-oldrel-windows-x86_64 | 1.4.0 | 9.00 | 101.00 | 110.00 | OK |
Version: 1.4.0
Check: CRAN incoming feasibility
Result: NOTE
Maintainer: ‘Hae Kyung Im <haky@uchicago.edu>’
No Authors@R field in DESCRIPTION.
Please add one, modifying
Authors@R: c(person(given = c("Hae", "Kyung"),
family = "Im",
role = c("aut", "cre"),
email = "haky@uchicago.edu"),
person(given = c("Heather", "E."),
family = "Wheeler",
role = "aut"),
person(given = c("Keston", "Aquino"),
family = "Michaels",
role = "aut"),
person(given = "Vassily",
family = "Trubetskoy",
role = "aut"))
as necessary.
Found the following \keyword or \concept entries
which likely give several index terms:
File ‘krigr_cross_validation.Rd’:
\keyword{prediction,}
File ‘make_PCs_irlba.Rd’:
\keyword{PCA,}
\keyword{covariate,}
File ‘make_PCs_svd.Rd’:
\keyword{PCA,}
\keyword{covariate,}
Flavors: r-devel-linux-x86_64-debian-clang, r-devel-linux-x86_64-debian-gcc
These binaries (installable software) and packages are in development.
They may not be fully stable and should be used with caution. We make no claims about them.