Last updated on 2025-10-24 05:50:49 CEST.
| Flavor | Version | Tinstall | Tcheck | Ttotal | Status | Flags |
|---|---|---|---|---|---|---|
| r-devel-linux-x86_64-debian-clang | 2.1.0 | 12.19 | 121.21 | 133.40 | NOTE | |
| r-devel-linux-x86_64-debian-gcc | 2.1.0 | 8.29 | 86.16 | 94.45 | OK | |
| r-devel-linux-x86_64-fedora-clang | 2.1.0 | 30.00 | 182.09 | 212.09 | OK | |
| r-devel-linux-x86_64-fedora-gcc | 2.1.0 | 26.00 | 177.74 | 203.74 | OK | |
| r-devel-windows-x86_64 | 2.1.0 | 15.00 | 131.00 | 146.00 | OK | |
| r-patched-linux-x86_64 | 2.1.0 | 13.97 | 113.03 | 127.00 | OK | |
| r-release-linux-x86_64 | 2.1.0 | 10.95 | 113.77 | 124.72 | OK | |
| r-release-macos-arm64 | 2.1.0 | 6.00 | 58.00 | 64.00 | OK | |
| r-release-macos-x86_64 | 2.1.0 | 10.00 | 101.00 | 111.00 | OK | |
| r-release-windows-x86_64 | 2.1.0 | 14.00 | 132.00 | 146.00 | OK | |
| r-oldrel-macos-arm64 | 2.1.0 | 4.00 | 57.00 | 61.00 | OK | |
| r-oldrel-macos-x86_64 | 2.1.0 | 9.00 | 92.00 | 101.00 | OK | |
| r-oldrel-windows-x86_64 | 2.1.0 | 18.00 | 166.00 | 184.00 | OK |
Version: 2.1.0
Check: HTML version of manual
Result: NOTE
Found the following HTML validation problems:
print.cvo2m.html:55:1 (print.cvo2m.Rd:14): Warning: missing </ul> before </div>
print.o2m.html:51:1 (print.o2m.Rd:12): Warning: missing </ul> before </div>
print.pre.o2m.html:51:1 (print.pre.o2m.Rd:12): Warning: missing </ul> before </div>
Flavor: r-devel-linux-x86_64-debian-clang
These binaries (installable software) and packages are in development.
They may not be fully stable and should be used with caution. We make no claims about them.