Last updated on 2025-10-24 19:50:39 CEST.
| Flavor | Version | Tinstall | Tcheck | Ttotal | Status | Flags |
|---|---|---|---|---|---|---|
| r-devel-linux-x86_64-debian-clang | 0.1.5 | 3.38 | 48.44 | 51.82 | NOTE | |
| r-devel-linux-x86_64-debian-gcc | 0.1.5 | 2.47 | 36.09 | 38.56 | NOTE | |
| r-devel-linux-x86_64-fedora-clang | 0.1.5 | 85.10 | NOTE | |||
| r-devel-linux-x86_64-fedora-gcc | 0.1.5 | 74.99 | NOTE | |||
| r-devel-windows-x86_64 | 0.1.5 | 4.00 | 74.00 | 78.00 | OK | |
| r-patched-linux-x86_64 | 0.1.5 | 3.09 | 45.43 | 48.52 | OK | |
| r-release-linux-x86_64 | 0.1.5 | 2.73 | 46.27 | 49.00 | OK | |
| r-release-macos-arm64 | 0.1.5 | 2.00 | 27.00 | 29.00 | OK | |
| r-release-macos-x86_64 | 0.1.5 | 3.00 | 43.00 | 46.00 | OK | |
| r-release-windows-x86_64 | 0.1.5 | 5.00 | 76.00 | 81.00 | OK | |
| r-oldrel-macos-arm64 | 0.1.5 | 2.00 | 23.00 | 25.00 | OK | |
| r-oldrel-macos-x86_64 | 0.1.5 | 2.00 | 35.00 | 37.00 | OK | |
| r-oldrel-windows-x86_64 | 0.1.5 | 6.00 | 91.00 | 97.00 | OK |
Version: 0.1.5
Check: CRAN incoming feasibility
Result: NOTE
Maintainer: ‘Patrick O'Keefe <okeefep@ohsu.edu>’
No Authors@R field in DESCRIPTION.
Please add one, modifying
Authors@R: person(given = "Patrick",
family = "O'Keefe",
role = c("aut", "cre"),
email = "okeefep@ohsu.edu")
as necessary.
Flavors: r-devel-linux-x86_64-debian-clang, r-devel-linux-x86_64-debian-gcc
Version: 0.1.5
Check: dependencies in R code
Result: NOTE
Namespace in Imports field not imported from: ‘base’
All declared Imports should be used.
Flavors: r-devel-linux-x86_64-fedora-clang, r-devel-linux-x86_64-fedora-gcc
These binaries (installable software) and packages are in development.
They may not be fully stable and should be used with caution. We make no claims about them.