CRAN Package Check Results for Package OmopSketch

Last updated on 2025-07-25 09:50:53 CEST.

Flavor Version Tinstall Tcheck Ttotal Status Flags
r-devel-linux-x86_64-debian-clang 0.5.1 7.60 539.60 547.20 OK
r-devel-linux-x86_64-debian-gcc 0.5.1 5.03 358.94 363.97 OK
r-devel-linux-x86_64-fedora-clang 0.5.1 840.72 OK
r-devel-linux-x86_64-fedora-gcc 0.5.1 819.52 OK
r-devel-windows-x86_64 0.5.1 8.00 434.00 442.00 OK
r-patched-linux-x86_64 0.5.1 7.94 507.18 515.12 OK
r-release-linux-x86_64 0.5.1 6.63 507.01 513.64 OK
r-release-macos-arm64 0.5.1 209.00 OK
r-release-macos-x86_64 0.5.1 333.00 OK
r-release-windows-x86_64 0.5.1 10.00 430.00 440.00 OK
r-oldrel-macos-arm64 0.5.1 220.00 NOTE
r-oldrel-macos-x86_64 0.5.1 297.00 NOTE
r-oldrel-windows-x86_64 0.5.1 12.00 618.00 630.00 NOTE

Check Details

Version: 0.5.1
Check: installed package size
Result: NOTE installed size is 18.1Mb sub-directories of 1Mb or more: doc 17.1Mb Flavors: r-oldrel-macos-arm64, r-oldrel-macos-x86_64, r-oldrel-windows-x86_64

These binaries (installable software) and packages are in development.
They may not be fully stable and should be used with caution. We make no claims about them.