Last updated on 2025-10-23 11:50:21 CEST.
Flavor | Version | Tinstall | Tcheck | Ttotal | Status | Flags |
---|---|---|---|---|---|---|
r-devel-linux-x86_64-debian-clang | 0.5.1 | 6.69 | 554.24 | 560.93 | NOTE | |
r-devel-linux-x86_64-debian-gcc | 0.5.1 | 4.88 | 382.91 | 387.79 | OK | |
r-devel-linux-x86_64-fedora-clang | 0.5.1 | 13.00 | 870.01 | 883.01 | OK | |
r-devel-linux-x86_64-fedora-gcc | 0.5.1 | 30.00 | 894.11 | 924.11 | OK | |
r-devel-windows-x86_64 | 0.5.1 | 9.00 | 460.00 | 469.00 | OK | |
r-patched-linux-x86_64 | 0.5.1 | 7.07 | 533.53 | 540.60 | OK | |
r-release-linux-x86_64 | 0.5.1 | 6.97 | 526.78 | 533.75 | OK | |
r-release-macos-arm64 | 0.5.1 | 3.00 | 206.00 | 209.00 | OK | |
r-release-macos-x86_64 | 0.5.1 | 6.00 | 327.00 | 333.00 | OK | |
r-release-windows-x86_64 | 0.5.1 | 9.00 | 461.00 | 470.00 | OK | |
r-oldrel-macos-arm64 | 0.5.1 | 3.00 | 217.00 | 220.00 | NOTE | |
r-oldrel-macos-x86_64 | 0.5.1 | 5.00 | 292.00 | 297.00 | NOTE | |
r-oldrel-windows-x86_64 | 0.5.1 | 13.00 | 685.00 | 698.00 | NOTE |
Version: 0.5.1
Check: HTML version of manual
Result: NOTE
Found the following HTML validation problems:
dateRange-startDate.html:42:1 (dateRange-startDate.Rd:9): Warning: missing </ul> before </div>
interval.html:40:1 (interval.Rd:7): Warning: missing </ul> before </div>
Flavor: r-devel-linux-x86_64-debian-clang
Version: 0.5.1
Check: installed package size
Result: NOTE
installed size is 18.1Mb
sub-directories of 1Mb or more:
doc 17.1Mb
Flavors: r-oldrel-macos-arm64, r-oldrel-macos-x86_64, r-oldrel-windows-x86_64
These binaries (installable software) and packages are in development.
They may not be fully stable and should be used with caution. We make no claims about them.