CRAN Package Check Results for Package OmopSketch

Last updated on 2025-05-21 23:48:49 CEST.

Flavor Version Tinstall Tcheck Ttotal Status Flags
r-devel-linux-x86_64-debian-clang 0.4.0 7.38 488.98 496.36 OK
r-devel-linux-x86_64-debian-gcc 0.4.0 3.85 326.81 330.66 OK
r-devel-linux-x86_64-fedora-clang 0.4.0 738.92 OK
r-devel-linux-x86_64-fedora-gcc 0.4.0 727.44 OK
r-devel-windows-x86_64 0.4.0 10.00 390.00 400.00 OK
r-patched-linux-x86_64 0.4.0 7.25 448.51 455.76 OK
r-release-linux-x86_64 0.4.0 7.32 463.31 470.63 OK
r-release-macos-arm64 0.4.0 125.00 OK
r-release-macos-x86_64 0.4.0 418.00 OK
r-release-windows-x86_64 0.4.0 8.00 387.00 395.00 OK
r-oldrel-macos-arm64 0.4.0 192.00 NOTE
r-oldrel-macos-x86_64 0.4.0 488.00 NOTE
r-oldrel-windows-x86_64 0.3.2 11.00 843.00 854.00 NOTE

Check Details

Version: 0.4.0
Check: installed package size
Result: NOTE installed size is 5.2Mb sub-directories of 1Mb or more: doc 4.3Mb Flavors: r-oldrel-macos-arm64, r-oldrel-macos-x86_64

Version: 0.3.2
Check: installed package size
Result: NOTE installed size is 7.3Mb sub-directories of 1Mb or more: doc 6.4Mb Flavor: r-oldrel-windows-x86_64

These binaries (installable software) and packages are in development.
They may not be fully stable and should be used with caution. We make no claims about them.