Last updated on 2025-07-04 21:50:13 CEST.
Flavor | Version | Tinstall | Tcheck | Ttotal | Status | Flags |
---|---|---|---|---|---|---|
r-devel-linux-x86_64-debian-clang | 1.0.0 | 41.30 | 397.40 | 438.70 | NOTE | |
r-devel-linux-x86_64-debian-gcc | 1.0.0 | 27.26 | 283.81 | 311.07 | NOTE | |
r-devel-linux-x86_64-fedora-clang | 1.0.0 | 717.60 | OK | |||
r-devel-linux-x86_64-fedora-gcc | 1.0.0 | 688.27 | OK | |||
r-devel-windows-x86_64 | 1.0.0 | 37.00 | 332.00 | 369.00 | OK | |
r-patched-linux-x86_64 | 1.0.0 | 33.66 | 368.02 | 401.68 | OK | |
r-release-linux-x86_64 | 1.0.0 | 38.42 | 368.58 | 407.00 | OK | |
r-release-macos-arm64 | 1.0.0 | 196.00 | OK | |||
r-release-macos-x86_64 | 1.0.0 | 369.00 | OK | |||
r-release-windows-x86_64 | 1.0.0 | 37.00 | 336.00 | 373.00 | OK | |
r-oldrel-macos-arm64 | 1.0.0 | 192.00 | OK | |||
r-oldrel-macos-x86_64 | 1.0.0 | 267.00 | OK | |||
r-oldrel-windows-x86_64 | 1.0.0 | 51.00 | 433.00 | 484.00 | OK |
Version: 1.0.0
Check: CRAN incoming feasibility
Result: NOTE
Maintainer: ‘Dadong Zhang <dadong.zhang.shared@gmail.com>’
No Authors@R field in DESCRIPTION.
Please add one, modifying
Authors@R: person(given = "Dadong",
family = "Zhang",
role = c("aut", "cre"),
email = "dadong.zhang.shared@gmail.com")
as necessary.
Flavors: r-devel-linux-x86_64-debian-clang, r-devel-linux-x86_64-debian-gcc
These binaries (installable software) and packages are in development.
They may not be fully stable and should be used with caution. We make no claims about them.