Last updated on 2025-05-01 15:49:38 CEST.
Flavor | Version | Tinstall | Tcheck | Ttotal | Status | Flags |
---|---|---|---|---|---|---|
r-devel-linux-x86_64-debian-clang | 0.3.5 | 2.99 | 37.53 | 40.52 | NOTE | |
r-devel-linux-x86_64-debian-gcc | 0.3.5 | 1.98 | 28.31 | 30.29 | NOTE | |
r-devel-linux-x86_64-fedora-clang | 0.3.5 | 63.35 | NOTE | |||
r-devel-linux-x86_64-fedora-gcc | 0.3.5 | 74.13 | NOTE | |||
r-devel-windows-x86_64 | 0.3.5 | 3.00 | 78.00 | 81.00 | NOTE | |
r-patched-linux-x86_64 | 0.3.5 | 2.71 | 35.98 | 38.69 | NOTE | |
r-release-linux-x86_64 | NOTE | |||||
r-release-macos-arm64 | 0.3.5 | 32.00 | NOTE | |||
r-release-macos-x86_64 | 0.3.5 | 55.00 | NOTE | |||
r-release-windows-x86_64 | 0.3.5 | 5.00 | 86.00 | 91.00 | NOTE | |
r-oldrel-macos-arm64 | 0.3.5 | 29.00 | NOTE | |||
r-oldrel-macos-x86_64 | 0.3.5 | 44.00 | NOTE | |||
r-oldrel-windows-x86_64 | 0.3.5 | 3.00 | 79.00 | 82.00 | NOTE |
Version: 0.3.5
Check: CRAN incoming feasibility
Result: NOTE
Maintainer: ‘Aniko Szabo <aszabo@mcw.edu>’
No Authors@R field in DESCRIPTION.
Please add one, modifying
Authors@R: c(person(given = "Aniko",
family = "Szabo",
role = c("aut", "cre"),
email = "aszabo@mcw.edu"),
person(given = "Lisa",
family = "Pappas",
role = "aut"))
as necessary.
Flavors: r-devel-linux-x86_64-debian-clang, r-devel-linux-x86_64-debian-gcc
Version: 0.3.5
Check: Rd files
Result: NOTE
checkRd: (-1) oncotree.fit.Rd:63: Lost braces in \itemize; \value handles \item{}{} directly
checkRd: (-1) oncotree.fit.Rd:64: Lost braces in \itemize; \value handles \item{}{} directly
checkRd: (-1) oncotree.fit.Rd:65: Lost braces in \itemize; \value handles \item{}{} directly
checkRd: (-1) oncotree.fit.Rd:66: Lost braces in \itemize; \value handles \item{}{} directly
checkRd: (-1) oncotree.fit.Rd:67: Lost braces in \itemize; \value handles \item{}{} directly
Flavors: r-devel-linux-x86_64-debian-clang, r-devel-linux-x86_64-debian-gcc, r-devel-linux-x86_64-fedora-clang, r-devel-linux-x86_64-fedora-gcc, r-devel-windows-x86_64, r-patched-linux-x86_64, r-release-linux-x86_64, r-release-macos-arm64, r-release-macos-x86_64, r-release-windows-x86_64, r-oldrel-macos-arm64, r-oldrel-macos-x86_64, r-oldrel-windows-x86_64
These binaries (installable software) and packages are in development.
They may not be fully stable and should be used with caution. We make no claims about them.