Last updated on 2025-02-16 10:50:53 CET.
Flavor | Version | Tinstall | Tcheck | Ttotal | Status | Flags |
---|---|---|---|---|---|---|
r-devel-linux-x86_64-debian-clang | 1.1-0 | 2.56 | 37.30 | 39.86 | NOTE | |
r-devel-linux-x86_64-debian-gcc | 1.1-0 | 1.90 | 29.49 | 31.39 | NOTE | |
r-devel-linux-x86_64-fedora-clang | 1.1-0 | 69.15 | NOTE | |||
r-devel-linux-x86_64-fedora-gcc | 1.1-0 | 75.39 | NOTE | |||
r-devel-macos-arm64 | 1.1-0 | 28.00 | NOTE | |||
r-devel-macos-x86_64 | 1.1-0 | 57.00 | NOTE | |||
r-devel-windows-x86_64 | 1.1-0 | 4.00 | 86.00 | 90.00 | NOTE | |
r-patched-linux-x86_64 | 1.1-0 | 2.74 | 35.68 | 38.42 | NOTE | |
r-release-linux-x86_64 | 1.1-0 | 2.39 | 35.93 | 38.32 | NOTE | |
r-release-macos-arm64 | 1.1-0 | 28.00 | NOTE | |||
r-release-macos-x86_64 | 1.1-0 | 44.00 | NOTE | |||
r-release-windows-x86_64 | 1.1-0 | 3.00 | 85.00 | 88.00 | NOTE | |
r-oldrel-macos-arm64 | 1.1-0 | 31.00 | OK | |||
r-oldrel-macos-x86_64 | 1.1-0 | 44.00 | OK | |||
r-oldrel-windows-x86_64 | 1.1-0 | 4.00 | 86.00 | 90.00 | OK |
Version: 1.1-0
Check: Rd files
Result: NOTE
checkRd: (-1) one_sample.Rd:40: Lost braces; missing escapes or markup?
40 | In two sided or one sided interval estimation of \code{sigma^2} of one normal sample, {side} is a parameter used to control whether to compute two sided or one sided interval estimation. When computing the one sided upper limit, input \code{side = -1}; when computing the one sided lower limit, input \code{side = 1}; when computing the two sided limits, input \code{side = 0} (default).
| ^
Flavors: r-devel-linux-x86_64-debian-clang, r-devel-linux-x86_64-debian-gcc, r-devel-linux-x86_64-fedora-clang, r-devel-linux-x86_64-fedora-gcc, r-devel-macos-arm64, r-devel-macos-x86_64, r-devel-windows-x86_64, r-patched-linux-x86_64, r-release-linux-x86_64, r-release-macos-arm64, r-release-macos-x86_64, r-release-windows-x86_64
These binaries (installable software) and packages are in development.
They may not be fully stable and should be used with caution. We make no claims about them.