Last updated on 2025-05-03 22:50:02 CEST.
Flavor | Version | Tinstall | Tcheck | Ttotal | Status | Flags |
---|---|---|---|---|---|---|
r-devel-linux-x86_64-debian-clang | 1.3.0 | 47.84 | 93.28 | 141.12 | OK | |
r-devel-linux-x86_64-debian-gcc | 1.3.0 | 38.21 | 66.29 | 104.50 | OK | |
r-devel-linux-x86_64-fedora-clang | 1.3.0 | 228.27 | OK | |||
r-devel-linux-x86_64-fedora-gcc | 1.3.0 | 271.47 | OK | |||
r-devel-windows-x86_64 | 1.3.0 | 57.00 | 143.00 | 200.00 | OK | |
r-patched-linux-x86_64 | 1.3.0 | 52.15 | 89.50 | 141.65 | OK | |
r-release-linux-x86_64 | OK | |||||
r-release-macos-arm64 | 1.3.0 | 105.00 | OK | |||
r-release-macos-x86_64 | 1.3.0 | 190.00 | OK | |||
r-release-windows-x86_64 | 1.3.0 | 58.00 | 144.00 | 202.00 | OK | |
r-oldrel-macos-arm64 | 1.3.0 | 77.00 | NOTE | |||
r-oldrel-macos-x86_64 | 1.3.0 | 114.00 | NOTE | |||
r-oldrel-windows-x86_64 | 1.3.0 | 65.00 | 174.00 | 239.00 | NOTE |
Version: 1.3.0
Check: installed package size
Result: NOTE
installed size is 10.5Mb
sub-directories of 1Mb or more:
doc 2.4Mb
libs 7.1Mb
Flavors: r-oldrel-macos-arm64, r-oldrel-macos-x86_64, r-oldrel-windows-x86_64
These binaries (installable software) and packages are in development.
They may not be fully stable and should be used with caution. We make no claims about them.