Last updated on 2025-05-01 15:49:38 CEST.
Flavor | Version | Tinstall | Tcheck | Ttotal | Status | Flags |
---|---|---|---|---|---|---|
r-devel-linux-x86_64-debian-clang | 1.12 | 8.35 | 69.04 | 77.39 | NOTE | |
r-devel-linux-x86_64-debian-gcc | 1.12 | 5.72 | 47.47 | 53.19 | NOTE | |
r-devel-linux-x86_64-fedora-clang | 1.12 | 118.17 | OK | |||
r-devel-linux-x86_64-fedora-gcc | 1.12 | 124.74 | OK | |||
r-devel-windows-x86_64 | 1.12 | 12.00 | 87.00 | 99.00 | OK | |
r-patched-linux-x86_64 | 1.12 | 10.81 | 63.70 | 74.51 | OK | |
r-release-linux-x86_64 | OK | |||||
r-release-macos-arm64 | 1.12 | 45.00 | OK | |||
r-release-macos-x86_64 | 1.12 | 82.00 | OK | |||
r-release-windows-x86_64 | 1.12 | 12.00 | 91.00 | 103.00 | OK | |
r-oldrel-macos-arm64 | 1.12 | 39.00 | OK | |||
r-oldrel-macos-x86_64 | 1.12 | 60.00 | OK | |||
r-oldrel-windows-x86_64 | 1.12 | 13.00 | 104.00 | 117.00 | OK |
Version: 1.12
Check: CRAN incoming feasibility
Result: NOTE
Maintainer: ‘Giuseppe Casalicchio <giuseppe.casalicchio@stat.uni-muenchen.de>’
No Authors@R field in DESCRIPTION.
Please add one, modifying
Authors@R: c(person(given = "Giuseppe",
family = "Casalicchio",
role = c("aut", "cre"),
email = "giuseppe.casalicchio@stat.uni-muenchen.de"),
person(given = "Bernd",
family = "Bischl",
role = "aut",
email = "bernd_bischl@gmx.net"),
person(given = "Dominik",
family = "Kirchhoff",
role = "aut",
email = "dom.kirchhoff@gmail.com"),
person(given = "Michel",
family = "Lang",
role = "aut",
email = "michellang@gmail.com"),
person(given = "Benjamin",
family = "Hofner",
role = "aut",
email = "benjamin.hofner@fau.de"),
person(given = "Jakob",
family = "Bossek",
role = "aut",
email = "j.bossek@gmail.com"),
person(given = "Pascal",
family = "Kerschke",
role = "aut",
email = "kerschke@uni-muenster.de"),
person(given = "Joaquin",
family = "Vanschoren",
role = "aut",
email = "joaquin.vanschoren@gmail.com"))
as necessary.
Package CITATION file contains call(s) to old-style personList() or
as.personList(). Please use c() on person objects instead.
Package CITATION file contains call(s) to old-style citEntry(). Please
use bibentry() instead.
Flavors: r-devel-linux-x86_64-debian-clang, r-devel-linux-x86_64-debian-gcc
These binaries (installable software) and packages are in development.
They may not be fully stable and should be used with caution. We make no claims about them.