CRAN Package Check Results for Package OpenMindat

Last updated on 2025-07-02 01:51:45 CEST.

Flavor Version Tinstall Tcheck Ttotal Status Flags
r-devel-linux-x86_64-debian-clang 1.0.1 5.59 48.39 53.98 OK
r-devel-linux-x86_64-debian-gcc 1.0.1 3.30 36.56 39.86 OK
r-devel-linux-x86_64-fedora-clang 1.0.1 85.21 NOTE
r-devel-linux-x86_64-fedora-gcc 1.0.1 102.73 NOTE
r-devel-windows-x86_64 1.0.1 10.00 92.00 102.00 OK
r-patched-linux-x86_64 OK
r-release-linux-x86_64 1.0.1 5.14 45.14 50.28 OK
r-release-macos-arm64 1.0.1 35.00 OK
r-release-macos-x86_64 1.0.1 58.00 OK
r-release-windows-x86_64 1.0.1 10.00 91.00 101.00 OK
r-oldrel-macos-arm64 1.0.1 38.00 OK
r-oldrel-macos-x86_64 1.0.1 69.00 OK
r-oldrel-windows-x86_64 1.0.1 11.00 104.00 115.00 OK

Check Details

Version: 1.0.1
Check: dependencies in R code
Result: NOTE Namespace in Imports field not imported from: ‘usethis’ All declared Imports should be used. Flavors: r-devel-linux-x86_64-fedora-clang, r-devel-linux-x86_64-fedora-gcc

These binaries (installable software) and packages are in development.
They may not be fully stable and should be used with caution. We make no claims about them.