Last updated on 2025-11-13 21:50:03 CET.
| Flavor | Version | Tinstall | Tcheck | Ttotal | Status | Flags |
|---|---|---|---|---|---|---|
| r-devel-linux-x86_64-debian-clang | 1.0.1 | 5.63 | 50.80 | 56.43 | OK | |
| r-devel-linux-x86_64-debian-gcc | 1.0.1 | 3.73 | 38.30 | 42.03 | OK | |
| r-devel-linux-x86_64-fedora-clang | 1.0.1 | 13.00 | 72.31 | 85.31 | NOTE | |
| r-devel-linux-x86_64-fedora-gcc | 1.0.1 | 13.00 | 80.87 | 93.87 | NOTE | |
| r-devel-windows-x86_64 | 1.0.1 | 9.00 | 98.00 | 107.00 | OK | |
| r-patched-linux-x86_64 | 1.0.1 | 6.59 | 48.29 | 54.88 | OK | |
| r-release-linux-x86_64 | 1.0.1 | 5.51 | 48.34 | 53.85 | OK | |
| r-release-macos-arm64 | 1.0.1 | 3.00 | 32.00 | 35.00 | OK | |
| r-release-macos-x86_64 | 1.0.1 | 5.00 | 53.00 | 58.00 | OK | |
| r-release-windows-x86_64 | 1.0.1 | 9.00 | 89.00 | 98.00 | OK | |
| r-oldrel-macos-arm64 | 1.0.1 | 3.00 | 35.00 | 38.00 | OK | |
| r-oldrel-macos-x86_64 | 1.0.1 | 5.00 | 64.00 | 69.00 | OK | |
| r-oldrel-windows-x86_64 | 1.0.1 | 13.00 | 107.00 | 120.00 | OK |
Version: 1.0.1
Check: dependencies in R code
Result: NOTE
Namespace in Imports field not imported from: ‘usethis’
All declared Imports should be used.
Flavors: r-devel-linux-x86_64-fedora-clang, r-devel-linux-x86_64-fedora-gcc
These binaries (installable software) and packages are in development.
They may not be fully stable and should be used with caution. We make no claims about them.