Last updated on 2025-05-01 08:52:40 CEST.
Flavor | Version | Tinstall | Tcheck | Ttotal | Status | Flags |
---|---|---|---|---|---|---|
r-devel-linux-x86_64-debian-clang | 2.21.13 | 1181.77 | 393.79 | 1575.56 | NOTE | |
r-devel-linux-x86_64-debian-gcc | 2.21.13 | 954.75 | 365.69 | 1320.44 | NOTE | |
r-devel-linux-x86_64-fedora-clang | 2.21.13 | 2672.14 | NOTE | |||
r-devel-linux-x86_64-fedora-gcc | 2.21.13 | 3022.63 | NOTE | |||
r-devel-windows-x86_64 | 2.21.13 | 1196.00 | 562.00 | 1758.00 | NOTE | |
r-patched-linux-x86_64 | 2.21.13 | 1300.51 | 515.70 | 1816.21 | NOTE | |
r-release-linux-x86_64 | NOTE | |||||
r-release-macos-arm64 | 2.21.13 | 667.00 | NOTE | |||
r-release-macos-x86_64 | 2.21.13 | 720.00 | NOTE | |||
r-release-windows-x86_64 | 2.21.13 | 1225.00 | 550.00 | 1775.00 | NOTE | |
r-oldrel-macos-arm64 | 2.21.13 | 331.00 | NOTE | |||
r-oldrel-macos-x86_64 | 2.21.13 | 320.00 | NOTE | |||
r-oldrel-windows-x86_64 | 2.21.13 | 1336.00 | 680.00 | 2016.00 | NOTE |
Version: 2.21.13
Check: compiled code
Result: NOTE
File ‘OpenMx/libs/OpenMx.so’:
Found non-API calls to R: ‘IS_S4_OBJECT’, ‘Rf_isFrame’
Compiled code should not call non-API entry points in R.
See ‘Writing portable packages’ in the ‘Writing R Extensions’ manual,
and section ‘Moving into C API compliance’ for issues with the use of
non-API entry points.
Flavors: r-devel-linux-x86_64-debian-clang, r-devel-linux-x86_64-debian-gcc, r-devel-linux-x86_64-fedora-clang, r-devel-linux-x86_64-fedora-gcc, r-patched-linux-x86_64, r-release-linux-x86_64, r-release-macos-arm64, r-release-macos-x86_64
Version: 2.21.13
Check: examples
Result: NOTE
Examples with CPU (user + system) or elapsed time > 5s
user system elapsed
mxCheckIdentification 5.263 0.092 6.162
Flavor: r-devel-linux-x86_64-debian-clang
Version: 2.21.13
Check: examples
Result: NA
user system elapsed
mxBootstrapEval 7.773 0.132 4.869
OK
Flavor: r-devel-linux-x86_64-debian-gcc
Version: 2.21.13
Check: compiled code
Result: NOTE
File 'OpenMx/libs/x64/OpenMx.dll':
Found non-API calls to R: 'IS_S4_OBJECT', 'Rf_isFrame'
Compiled code should not call non-API entry points in R.
See 'Writing portable packages' in the 'Writing R Extensions' manual,
and section 'Moving into C API compliance' for issues with the use of
non-API entry points.
Flavors: r-devel-windows-x86_64, r-release-windows-x86_64
Version: 2.21.13
Check: installed package size
Result: NOTE
installed size is 273.3Mb
sub-directories of 1Mb or more:
R 3.1Mb
data 1.4Mb
libs 261.6Mb
models 4.7Mb
Flavors: r-oldrel-macos-arm64, r-oldrel-macos-x86_64, r-oldrel-windows-x86_64
Version: 2.21.13
Check: for GNU extensions in Makefiles
Result: NOTE
GNU make is a SystemRequirements.
Flavors: r-oldrel-macos-arm64, r-oldrel-macos-x86_64, r-oldrel-windows-x86_64
These binaries (installable software) and packages are in development.
They may not be fully stable and should be used with caution. We make no claims about them.