Last updated on 2025-05-01 14:49:17 CEST.
Flavor | Version | Tinstall | Tcheck | Ttotal | Status | Flags |
---|---|---|---|---|---|---|
r-devel-linux-x86_64-debian-clang | 0.6.2 | 7.80 | 74.53 | 82.33 | NOTE | |
r-devel-linux-x86_64-debian-gcc | 0.6.2 | 5.53 | 54.05 | 59.58 | OK | |
r-devel-linux-x86_64-fedora-clang | 0.6.2 | 126.97 | OK | |||
r-devel-linux-x86_64-fedora-gcc | 0.6.2 | 120.59 | OK | |||
r-devel-windows-x86_64 | 0.6.2 | 10.00 | 87.00 | 97.00 | OK | |
r-patched-linux-x86_64 | 0.6.2 | 7.59 | 70.55 | 78.14 | OK | |
r-release-linux-x86_64 | OK | |||||
r-release-macos-arm64 | 0.6.2 | 39.00 | OK | |||
r-release-macos-x86_64 | 0.6.2 | 86.00 | OK | |||
r-release-windows-x86_64 | 0.6.2 | 10.00 | 90.00 | 100.00 | OK | |
r-oldrel-macos-arm64 | 0.6.2 | 40.00 | OK | |||
r-oldrel-macos-x86_64 | 0.6.2 | 55.00 | OK | |||
r-oldrel-windows-x86_64 | 0.6.2 | 12.00 | 107.00 | 119.00 | OK |
Version: 0.6.2
Check: examples
Result: NOTE
Examples with CPU (user + system) or elapsed time > 5s
user system elapsed
OpenRepGrid.ic 6.293 0.182 9.251
Flavor: r-devel-linux-x86_64-debian-clang
Version: 0.6.2
Check: examples
Result: NA
user system elapsed
OpenRepGrid.ic 4.167 0.171 5.322
OK
Flavor: r-devel-linux-x86_64-debian-gcc
These binaries (installable software) and packages are in development.
They may not be fully stable and should be used with caution. We make no claims about them.