Last updated on 2024-07-27 15:50:28 CEST.
Flavor | Version | Tinstall | Tcheck | Ttotal | Status | Flags |
---|---|---|---|---|---|---|
r-devel-linux-x86_64-debian-clang | 1.1.0 | 21.04 | 213.56 | 234.60 | OK | |
r-devel-linux-x86_64-debian-gcc | 1.1.0 | OK | ||||
r-devel-linux-x86_64-fedora-clang | 1.1.0 | 307.91 | NOTE | |||
r-devel-linux-x86_64-fedora-gcc | 1.1.0 | 320.67 | NOTE | |||
r-devel-windows-x86_64 | 1.1.0 | 19.00 | 170.00 | 189.00 | NOTE | |
r-patched-linux-x86_64 | 1.1.0 | OK | ||||
r-release-linux-x86_64 | 1.1.0 | 11.78 | 209.63 | 221.41 | OK | |
r-release-macos-arm64 | 1.1.0 | 91.00 | NOTE | |||
r-release-macos-x86_64 | 1.1.0 | 273.00 | NOTE | |||
r-release-windows-x86_64 | 1.1.0 | 17.00 | 167.00 | 184.00 | NOTE | |
r-oldrel-macos-arm64 | 1.1.0 | 101.00 | NOTE | |||
r-oldrel-macos-x86_64 | 1.1.0 | 191.00 | NOTE | |||
r-oldrel-windows-x86_64 | 1.1.0 | 23.00 | 219.00 | 242.00 | NOTE |
Version: 1.1.0
Check: installed package size
Result: NOTE
installed size is 5.9Mb
sub-directories of 1Mb or more:
doc 4.3Mb
Flavors: r-devel-linux-x86_64-fedora-clang, r-devel-windows-x86_64, r-release-macos-arm64, r-release-macos-x86_64, r-release-windows-x86_64, r-oldrel-macos-arm64, r-oldrel-macos-x86_64, r-oldrel-windows-x86_64
Version: 1.1.0
Check: data for non-ASCII characters
Result: NOTE
Note: found 10 marked UTF-8 strings
Flavors: r-devel-linux-x86_64-fedora-clang, r-devel-linux-x86_64-fedora-gcc
These binaries (installable software) and packages are in development.
They may not be fully stable and should be used with caution. We make no claims about them.