Last updated on 2025-10-09 23:51:20 CEST.
Flavor | Version | Tinstall | Tcheck | Ttotal | Status | Flags |
---|---|---|---|---|---|---|
r-devel-linux-x86_64-debian-clang | 1.5.3 | 17.09 | 187.13 | 204.22 | NOTE | |
r-devel-linux-x86_64-debian-gcc | 1.5.3 | 11.17 | 125.18 | 136.35 | NOTE | |
r-devel-linux-x86_64-fedora-clang | 1.5.3 | 331.38 | OK | |||
r-devel-linux-x86_64-fedora-gcc | 1.5.3 | 314.30 | OK | |||
r-devel-windows-x86_64 | 1.5.3 | 18.00 | 182.00 | 200.00 | OK | |
r-patched-linux-x86_64 | 1.5.3 | 17.16 | 174.94 | 192.10 | OK | |
r-release-linux-x86_64 | 1.5.3 | 15.30 | 175.58 | 190.88 | OK | |
r-release-macos-arm64 | 1.5.3 | 83.00 | OK | |||
r-release-macos-x86_64 | 1.5.3 | 208.00 | OK | |||
r-release-windows-x86_64 | 1.5.3 | 20.00 | 183.00 | 203.00 | OK | |
r-oldrel-macos-arm64 | 1.5.3 | 94.00 | OK | |||
r-oldrel-macos-x86_64 | 1.5.3 | 203.00 | OK | |||
r-oldrel-windows-x86_64 | 1.5.3 | 25.00 | 234.00 | 259.00 | OK |
Version: 1.5.3
Check: CRAN incoming feasibility
Result: NOTE
Maintainer: ‘Win Cowger <wincowger@gmail.com>’
Found the following (possibly) invalid URLs:
URL: https://app.gitter.im/#/room/#Open-Specy_community:gitter.im
From: README.md
Message: Invalid URL: '#' not allowed in fragment
Flavors: r-devel-linux-x86_64-debian-clang, r-devel-linux-x86_64-debian-gcc
These binaries (installable software) and packages are in development.
They may not be fully stable and should be used with caution. We make no claims about them.