Last updated on 2025-02-19 16:50:58 CET.
Flavor | Version | Tinstall | Tcheck | Ttotal | Status | Flags |
---|---|---|---|---|---|---|
r-devel-linux-x86_64-debian-clang | 1.2 | 1.89 | 23.91 | 25.80 | NOTE | |
r-devel-linux-x86_64-debian-gcc | 1.2 | 1.45 | 17.12 | 18.57 | NOTE | |
r-devel-linux-x86_64-fedora-clang | 1.2 | 40.64 | NOTE | |||
r-devel-linux-x86_64-fedora-gcc | 1.2 | 40.19 | NOTE | |||
r-devel-macos-arm64 | 1.2 | 15.00 | NOTE | |||
r-devel-macos-x86_64 | 1.2 | 26.00 | NOTE | |||
r-devel-windows-x86_64 | 1.2 | 3.00 | 43.00 | 46.00 | NOTE | |
r-patched-linux-x86_64 | 1.2 | 1.74 | 22.65 | 24.39 | NOTE | |
r-release-linux-x86_64 | 1.2 | 1.45 | 22.70 | 24.15 | NOTE | |
r-release-macos-arm64 | 1.2 | 15.00 | NOTE | |||
r-release-macos-x86_64 | 1.2 | 27.00 | NOTE | |||
r-release-windows-x86_64 | 1.2 | 3.00 | 43.00 | 46.00 | NOTE | |
r-oldrel-macos-arm64 | 1.2 | 17.00 | OK | |||
r-oldrel-macos-x86_64 | 1.2 | 23.00 | OK | |||
r-oldrel-windows-x86_64 | 1.2 | 4.00 | 50.00 | 54.00 | OK |
Version: 1.2
Check: Rd files
Result: NOTE
checkRd: (-1) MonteCarlo.Rd:23: Lost braces
23 | N is computed from \code{p} length. M is code{10^4} by default.
| ^
Flavors: r-devel-linux-x86_64-debian-clang, r-devel-linux-x86_64-debian-gcc, r-devel-linux-x86_64-fedora-clang, r-devel-linux-x86_64-fedora-gcc, r-devel-macos-arm64, r-devel-macos-x86_64, r-devel-windows-x86_64, r-patched-linux-x86_64, r-release-linux-x86_64, r-release-macos-arm64, r-release-macos-x86_64, r-release-windows-x86_64
These binaries (installable software) and packages are in development.
They may not be fully stable and should be used with caution. We make no claims about them.