Last updated on 2025-05-01 08:52:40 CEST.
Flavor | Version | Tinstall | Tcheck | Ttotal | Status | Flags |
---|---|---|---|---|---|---|
r-devel-linux-x86_64-debian-clang | 0.0.4 | 11.82 | 53.60 | 65.42 | OK | |
r-devel-linux-x86_64-debian-gcc | 0.0.4 | 8.16 | 43.56 | 51.72 | OK | |
r-devel-linux-x86_64-fedora-clang | 0.0.4 | 107.80 | NOTE | |||
r-devel-linux-x86_64-fedora-gcc | 0.0.4 | 117.85 | NOTE | |||
r-devel-windows-x86_64 | 0.0.4 | 19.00 | 86.00 | 105.00 | OK | |
r-patched-linux-x86_64 | 0.0.4 | 12.96 | 51.69 | 64.65 | OK | |
r-release-linux-x86_64 | OK | |||||
r-release-macos-arm64 | 0.0.4 | 53.00 | OK | |||
r-release-macos-x86_64 | 0.0.4 | 78.00 | OK | |||
r-release-windows-x86_64 | 0.0.4 | 17.00 | 88.00 | 105.00 | OK | |
r-oldrel-macos-arm64 | 0.0.4 | 41.00 | OK | |||
r-oldrel-macos-x86_64 | 0.0.4 | 59.00 | OK | |||
r-oldrel-windows-x86_64 | 0.0.4 | 20.00 | 102.00 | 122.00 | OK |
Version: 0.0.4
Check: dependencies in R code
Result: NOTE
Namespace in Imports field not imported from: ‘reshape2’
All declared Imports should be used.
Flavors: r-devel-linux-x86_64-fedora-clang, r-devel-linux-x86_64-fedora-gcc
These binaries (installable software) and packages are in development.
They may not be fully stable and should be used with caution. We make no claims about them.