CRAN Package Check Results for Package OptCirClust

Last updated on 2025-07-22 07:49:46 CEST.

Flavor Version Tinstall Tcheck Ttotal Status Flags
r-devel-linux-x86_64-debian-clang 0.0.4 11.20 54.90 66.10 OK
r-devel-linux-x86_64-debian-gcc 0.0.4 9.22 42.51 51.73 OK
r-devel-linux-x86_64-fedora-clang 0.0.4 107.96 NOTE
r-devel-linux-x86_64-fedora-gcc 0.0.4 116.57 NOTE
r-devel-windows-x86_64 0.0.4 17.00 88.00 105.00 OK
r-patched-linux-x86_64 0.0.4 12.51 51.75 64.26 OK
r-release-linux-x86_64 0.0.4 12.17 51.70 63.87 OK
r-release-macos-arm64 0.0.4 53.00 OK
r-release-macos-x86_64 0.0.4 78.00 OK
r-release-windows-x86_64 0.0.4 18.00 82.00 100.00 OK
r-oldrel-macos-arm64 0.0.4 41.00 OK
r-oldrel-macos-x86_64 0.0.4 59.00 OK
r-oldrel-windows-x86_64 0.0.4 21.00 102.00 123.00 OK

Check Details

Version: 0.0.4
Check: dependencies in R code
Result: NOTE Namespace in Imports field not imported from: ‘reshape2’ All declared Imports should be used. Flavors: r-devel-linux-x86_64-fedora-clang, r-devel-linux-x86_64-fedora-gcc

These binaries (installable software) and packages are in development.
They may not be fully stable and should be used with caution. We make no claims about them.