Last updated on 2024-07-27 15:50:28 CEST.
Flavor | Version | Tinstall | Tcheck | Ttotal | Status | Flags |
---|---|---|---|---|---|---|
r-devel-linux-x86_64-debian-clang | 0.0.4 | 16.71 | 65.97 | 82.68 | OK | |
r-devel-linux-x86_64-debian-gcc | 0.0.4 | OK | ||||
r-devel-linux-x86_64-fedora-clang | 0.0.4 | 123.85 | NOTE | |||
r-devel-linux-x86_64-fedora-gcc | 0.0.4 | 127.94 | NOTE | |||
r-devel-windows-x86_64 | 0.0.4 | 17.00 | 82.00 | 99.00 | OK | |
r-patched-linux-x86_64 | 0.0.4 | OK | ||||
r-release-linux-x86_64 | 0.0.4 | 14.53 | 64.08 | 78.61 | OK | |
r-release-macos-arm64 | 0.0.4 | 41.00 | OK | |||
r-release-macos-x86_64 | 0.0.4 | 59.00 | OK | |||
r-release-windows-x86_64 | 0.0.4 | 21.00 | 85.00 | 106.00 | OK | |
r-oldrel-macos-arm64 | 0.0.4 | 40.00 | OK | |||
r-oldrel-macos-x86_64 | 0.0.4 | 66.00 | OK | |||
r-oldrel-windows-x86_64 | 0.0.4 | 20.00 | 100.00 | 120.00 | OK |
Version: 0.0.4
Check: dependencies in R code
Result: NOTE
Namespace in Imports field not imported from: ‘reshape2’
All declared Imports should be used.
Flavors: r-devel-linux-x86_64-fedora-clang, r-devel-linux-x86_64-fedora-gcc
These binaries (installable software) and packages are in development.
They may not be fully stable and should be used with caution. We make no claims about them.