Last updated on 2025-10-24 21:50:13 CEST.
| Flavor | Version | Tinstall | Tcheck | Ttotal | Status | Flags |
|---|---|---|---|---|---|---|
| r-devel-linux-x86_64-debian-clang | 0.0.4 | 11.77 | 70.63 | 82.40 | OK | |
| r-devel-linux-x86_64-debian-gcc | 0.0.4 | 8.19 | 57.54 | 65.73 | OK | |
| r-devel-linux-x86_64-fedora-clang | 0.0.4 | 51.00 | 92.02 | 143.02 | NOTE | |
| r-devel-linux-x86_64-fedora-gcc | 0.0.4 | 25.00 | 114.94 | 139.94 | NOTE | |
| r-devel-windows-x86_64 | 0.0.4 | 18.00 | 87.00 | 105.00 | OK | |
| r-patched-linux-x86_64 | 0.0.4 | 12.59 | 68.54 | 81.13 | OK | |
| r-release-linux-x86_64 | 0.0.4 | 11.44 | 68.71 | 80.15 | OK | |
| r-release-macos-arm64 | 0.0.4 | 7.00 | 46.00 | 53.00 | OK | |
| r-release-macos-x86_64 | 0.0.4 | 9.00 | 69.00 | 78.00 | OK | |
| r-release-windows-x86_64 | 0.0.4 | 18.00 | 86.00 | 104.00 | OK | |
| r-oldrel-macos-arm64 | 0.0.4 | 7.00 | 34.00 | 41.00 | OK | |
| r-oldrel-macos-x86_64 | 0.0.4 | 8.00 | 51.00 | 59.00 | OK | |
| r-oldrel-windows-x86_64 | 0.0.4 | 23.00 | 106.00 | 129.00 | OK |
Version: 0.0.4
Check: dependencies in R code
Result: NOTE
Namespace in Imports field not imported from: ‘reshape2’
All declared Imports should be used.
Flavors: r-devel-linux-x86_64-fedora-clang, r-devel-linux-x86_64-fedora-gcc
These binaries (installable software) and packages are in development.
They may not be fully stable and should be used with caution. We make no claims about them.