Last updated on 2025-05-02 06:49:41 CEST.
Flavor | Version | Tinstall | Tcheck | Ttotal | Status | Flags |
---|---|---|---|---|---|---|
r-devel-linux-x86_64-debian-clang | 1.0.2.1 | 8.84 | 53.34 | 62.18 | OK | |
r-devel-linux-x86_64-debian-gcc | 1.0.2.1 | 6.65 | 37.15 | 43.80 | OK | |
r-devel-linux-x86_64-fedora-clang | 1.0.2.1 | 102.67 | OK | |||
r-devel-linux-x86_64-fedora-gcc | 1.0.2.1 | 97.21 | OK | |||
r-devel-windows-x86_64 | 1.0.2.1 | 11.00 | 72.00 | 83.00 | OK | |
r-patched-linux-x86_64 | 1.0.2.1 | 9.28 | 50.33 | 59.61 | OK | |
r-release-linux-x86_64 | OK | |||||
r-release-macos-arm64 | 1.0.2.1 | 31.00 | OK | |||
r-release-macos-x86_64 | 1.0.2.1 | 57.00 | OK | |||
r-release-windows-x86_64 | 1.0.2.1 | 12.00 | 71.00 | 83.00 | OK | |
r-oldrel-macos-arm64 | 1.0.2.1 | 32.00 | NOTE | |||
r-oldrel-macos-x86_64 | 1.0.2.1 | 58.00 | NOTE | |||
r-oldrel-windows-x86_64 | 1.0.1 | 14.00 | 83.00 | 97.00 | NOTE |
Version: 1.0.2.1
Check: package dependencies
Result: NOTE
Package which this enhances but not available for checking: ‘gurobi’
Flavors: r-oldrel-macos-arm64, r-oldrel-macos-x86_64
Version: 1.0.1
Check: package dependencies
Result: NOTE
Package which this enhances but not available for checking: 'gurobi'
Flavor: r-oldrel-windows-x86_64
Version: 1.0.1
Check: LazyData
Result: NOTE
'LazyData' is specified without a 'data' directory
Flavor: r-oldrel-windows-x86_64
These binaries (installable software) and packages are in development.
They may not be fully stable and should be used with caution. We make no claims about them.