Last updated on 2025-11-13 15:51:19 CET.
| Flavor | Version | Tinstall | Tcheck | Ttotal | Status | Flags |
|---|---|---|---|---|---|---|
| r-devel-linux-x86_64-debian-clang | 1.0.2.1 | 8.99 | 55.01 | 64.00 | OK | |
| r-devel-linux-x86_64-debian-gcc | 1.0.2.1 | 5.89 | 38.46 | 44.35 | OK | |
| r-devel-linux-x86_64-fedora-clang | 1.0.2.1 | 19.00 | 83.79 | 102.79 | OK | |
| r-devel-linux-x86_64-fedora-gcc | 1.0.2.1 | 20.00 | 74.59 | 94.59 | OK | |
| r-devel-windows-x86_64 | 1.0.2.1 | 12.00 | 70.00 | 82.00 | OK | |
| r-patched-linux-x86_64 | 1.0.2.1 | 8.55 | 52.98 | 61.53 | OK | |
| r-release-linux-x86_64 | 1.0.2.1 | 9.24 | 52.38 | 61.62 | OK | |
| r-release-macos-arm64 | 1.0.2.1 | 4.00 | 27.00 | 31.00 | OK | |
| r-release-macos-x86_64 | 1.0.2.1 | 7.00 | 50.00 | 57.00 | OK | |
| r-release-windows-x86_64 | 1.0.2.1 | 11.00 | 69.00 | 80.00 | OK | |
| r-oldrel-macos-arm64 | 1.0.2.1 | 3.00 | 29.00 | 32.00 | NOTE | |
| r-oldrel-macos-x86_64 | 1.0.2.1 | 8.00 | 50.00 | 58.00 | NOTE | |
| r-oldrel-windows-x86_64 | 1.0.2.1 | 14.00 | 83.00 | 97.00 | NOTE |
Version: 1.0.2.1
Check: package dependencies
Result: NOTE
Package which this enhances but not available for checking: ‘gurobi’
Flavors: r-oldrel-macos-arm64, r-oldrel-macos-x86_64, r-oldrel-windows-x86_64
These binaries (installable software) and packages are in development.
They may not be fully stable and should be used with caution. We make no claims about them.