CRAN Package Check Results for Package OptimalTiming

Last updated on 2025-11-24 15:49:59 CET.

Flavor Version Tinstall Tcheck Ttotal Status Flags
r-devel-linux-x86_64-debian-clang 0.1.0 6.58 62.27 68.85 NOTE
r-devel-linux-x86_64-debian-gcc 0.1.0 4.62 45.61 50.23 NOTE
r-devel-linux-x86_64-fedora-clang 0.1.0 13.00 90.05 103.05 OK
r-devel-linux-x86_64-fedora-gcc 0.1.0 12.00 87.27 99.27 OK
r-devel-windows-x86_64 0.1.0 9.00 71.00 80.00 OK
r-patched-linux-x86_64 0.1.0 6.68 59.67 66.35 OK
r-release-linux-x86_64 0.1.0 6.44 59.04 65.48 OK
r-release-macos-arm64 0.1.0 OK
r-release-macos-x86_64 0.1.0 7.00 56.00 63.00 OK
r-release-windows-x86_64 0.1.0 7.00 85.00 92.00 OK
r-oldrel-macos-arm64 0.1.0 OK
r-oldrel-macos-x86_64 0.1.0 5.00 47.00 52.00 OK
r-oldrel-windows-x86_64 0.1.0 9.00 84.00 93.00 OK

Check Details

Version: 0.1.0
Check: CRAN incoming feasibility
Result: NOTE Maintainer: ‘Xiao Lin <xlin3@mdanderson.org>’ No Authors@R field in DESCRIPTION. Please add one, modifying Authors@R: c(person(given = "Xiao", family = "Lin", role = c("aut", "cre"), email = "xlin3@mdanderson.org"), person(given = "Xuelin", family = "Huang", role = "aut", email = "xlhuang@mdanderson.org")) as necessary. Flavors: r-devel-linux-x86_64-debian-clang, r-devel-linux-x86_64-debian-gcc

These binaries (installable software) and packages are in development.
They may not be fully stable and should be used with caution. We make no claims about them.