CRAN Package Check Results for Package OrdFacReg

Last updated on 2025-02-19 16:50:58 CET.

Flavor Version Tinstall Tcheck Ttotal Status Flags
r-devel-linux-x86_64-debian-clang 1.0.6 7.08 56.85 63.93 NOTE
r-devel-linux-x86_64-debian-gcc 1.0.6 5.43 42.67 48.10 NOTE
r-devel-linux-x86_64-fedora-clang 1.0.6 105.51 NOTE
r-devel-linux-x86_64-fedora-gcc 1.0.6 97.66 NOTE
r-devel-macos-arm64 1.0.6 33.00 NOTE
r-devel-macos-x86_64 1.0.6 59.00 NOTE
r-devel-windows-x86_64 1.0.6 8.00 71.00 79.00 NOTE
r-patched-linux-x86_64 1.0.6 5.77 54.33 60.10 NOTE
r-release-linux-x86_64 1.0.6 5.88 53.32 59.20 NOTE
r-release-macos-arm64 1.0.6 32.00 NOTE
r-release-macos-x86_64 1.0.6 49.00 NOTE
r-release-windows-x86_64 1.0.6 8.00 70.00 78.00 NOTE
r-oldrel-macos-arm64 1.0.6 35.00 OK
r-oldrel-macos-x86_64 1.0.6 55.00 OK
r-oldrel-windows-x86_64 1.0.6 10.00 83.00 93.00 OK

Check Details

Version: 1.0.6
Check: Rd files
Result: NOTE checkRd: (-1) internal.Rd:26-27: Lost braces in \itemize; meant \describe ? checkRd: (-1) internal.Rd:29-31: Lost braces in \itemize; meant \describe ? checkRd: (-1) internal.Rd:33: Lost braces in \itemize; meant \describe ? checkRd: (-1) internal.Rd:35: Lost braces in \itemize; meant \describe ? checkRd: (-1) internal.Rd:37-38: Lost braces in \itemize; meant \describe ? checkRd: (-1) internal.Rd:40-41: Lost braces in \itemize; meant \describe ? checkRd: (-1) internal.Rd:43-44: Lost braces in \itemize; meant \describe ? checkRd: (-1) internal.Rd:46: Lost braces in \itemize; meant \describe ? checkRd: (-1) internal.Rd:48: Lost braces in \itemize; meant \describe ? checkRd: (-1) internal.Rd:50: Lost braces in \itemize; meant \describe ? checkRd: (-1) internal.Rd:52: Lost braces in \itemize; meant \describe ? checkRd: (-1) internal.Rd:54: Lost braces in \itemize; meant \describe ? checkRd: (-1) internal.Rd:56-57: Lost braces in \itemize; meant \describe ? checkRd: (-1) internal.Rd:59-60: Lost braces in \itemize; meant \describe ? checkRd: (-1) internal.Rd:62-63: Lost braces in \itemize; meant \describe ? checkRd: (-1) internal.Rd:65-66: Lost braces in \itemize; meant \describe ? checkRd: (-1) internal.Rd:68: Lost braces in \itemize; meant \describe ? checkRd: (-1) internal.Rd:70: Lost braces in \itemize; meant \describe ? Flavors: r-devel-linux-x86_64-debian-clang, r-devel-linux-x86_64-debian-gcc, r-devel-linux-x86_64-fedora-clang, r-devel-linux-x86_64-fedora-gcc, r-devel-macos-arm64, r-devel-macos-x86_64, r-devel-windows-x86_64, r-patched-linux-x86_64, r-release-linux-x86_64, r-release-macos-arm64, r-release-macos-x86_64, r-release-windows-x86_64

These binaries (installable software) and packages are in development.
They may not be fully stable and should be used with caution. We make no claims about them.