Last updated on 2025-05-01 15:49:38 CEST.
Flavor | Version | Tinstall | Tcheck | Ttotal | Status | Flags |
---|---|---|---|---|---|---|
r-devel-linux-x86_64-debian-clang | 0.5-3 | 3.34 | 58.96 | 62.30 | NOTE | |
r-devel-linux-x86_64-debian-gcc | 0.5-3 | 2.58 | 41.16 | 43.74 | OK | |
r-devel-linux-x86_64-fedora-clang | 0.5-3 | 92.25 | OK | |||
r-devel-linux-x86_64-fedora-gcc | 0.5-3 | 103.67 | OK | |||
r-devel-windows-x86_64 | 0.5-3 | 5.00 | 66.00 | 71.00 | OK | |
r-patched-linux-x86_64 | 0.5-3 | 4.23 | 56.66 | 60.89 | OK | |
r-release-linux-x86_64 | OK | |||||
r-release-macos-arm64 | 0.5-3 | 30.00 | OK | |||
r-release-macos-x86_64 | 0.5-3 | 55.00 | OK | |||
r-release-windows-x86_64 | 0.5-3 | 6.00 | 66.00 | 72.00 | OK | |
r-oldrel-macos-arm64 | 0.5-3 | 28.00 | OK | |||
r-oldrel-macos-x86_64 | 0.5-3 | 40.00 | OK | |||
r-oldrel-windows-x86_64 | 0.5-3 | 4.00 | 82.00 | 86.00 | OK |
Version: 0.5-3
Check: examples
Result: NOTE
Examples with CPU (user + system) or elapsed time > 5s
user system elapsed
IsotopicDistributionN 4.62 0.007 5.204
Flavor: r-devel-linux-x86_64-debian-clang
These binaries (installable software) and packages are in development.
They may not be fully stable and should be used with caution. We make no claims about them.