CRAN Package Check Results for Package PACLasso

Last updated on 2025-02-16 10:50:54 CET.

Flavor Version Tinstall Tcheck Ttotal Status Flags
r-devel-linux-x86_64-debian-clang 1.0.0 7.11 71.14 78.25 OK
r-devel-linux-x86_64-debian-gcc 1.0.0 5.32 53.26 58.58 OK
r-devel-linux-x86_64-fedora-clang 1.0.0 132.26 OK
r-devel-linux-x86_64-fedora-gcc 1.0.0 119.73 OK
r-devel-macos-arm64 1.0.0 56.00 OK
r-devel-macos-x86_64 1.0.0 95.00 OK
r-devel-windows-x86_64 1.0.0 7.00 86.00 93.00 OK
r-patched-linux-x86_64 1.0.0 6.99 67.45 74.44 NOTE
r-release-linux-x86_64 1.0.0 6.35 67.06 73.41 NOTE
r-release-macos-arm64 1.0.0 39.00 NOTE
r-release-macos-x86_64 1.0.0 55.00 NOTE
r-release-windows-x86_64 1.0.0 9.00 87.00 96.00 NOTE
r-oldrel-macos-arm64 1.0.0 43.00 NOTE
r-oldrel-macos-x86_64 1.0.0 70.00 NOTE
r-oldrel-windows-x86_64 1.0.0 10.00 97.00 107.00 NOTE

Check Details

Version: 1.0.0
Check: LazyData
Result: NOTE 'LazyData' is specified without a 'data' directory Flavors: r-patched-linux-x86_64, r-release-linux-x86_64, r-release-macos-arm64, r-release-macos-x86_64, r-release-windows-x86_64, r-oldrel-macos-arm64, r-oldrel-macos-x86_64, r-oldrel-windows-x86_64

These binaries (installable software) and packages are in development.
They may not be fully stable and should be used with caution. We make no claims about them.