Last updated on 2025-05-21 21:49:25 CEST.
Flavor | Version | Tinstall | Tcheck | Ttotal | Status | Flags |
---|---|---|---|---|---|---|
r-devel-linux-x86_64-debian-clang | 2.0 | 1.73 | 20.77 | 22.50 | NOTE | |
r-devel-linux-x86_64-debian-gcc | 2.0 | 1.60 | 17.24 | 18.84 | NOTE | |
r-devel-linux-x86_64-fedora-clang | 2.0 | 34.62 | OK | |||
r-devel-linux-x86_64-fedora-gcc | 2.0 | 33.42 | OK | |||
r-devel-windows-x86_64 | 2.0 | 3.00 | 44.00 | 47.00 | OK | |
r-patched-linux-x86_64 | 2.0 | 2.15 | 19.91 | 22.06 | OK | |
r-release-linux-x86_64 | 2.0 | 1.82 | 19.75 | 21.57 | OK | |
r-release-macos-arm64 | 2.0 | 18.00 | OK | |||
r-release-macos-x86_64 | 2.0 | 26.00 | OK | |||
r-release-windows-x86_64 | 2.0 | 3.00 | 55.00 | 58.00 | OK | |
r-oldrel-macos-arm64 | 2.0 | 16.00 | OK | |||
r-oldrel-macos-x86_64 | 2.0 | 24.00 | OK | |||
r-oldrel-windows-x86_64 | 2.0 | 4.00 | 47.00 | 51.00 | OK |
Version: 2.0
Check: CRAN incoming feasibility
Result: NOTE
Maintainer: ‘Marina Evangelou <m.evangelou@ic.ac.uk>’
No Authors@R field in DESCRIPTION.
Please add one, modifying
Authors@R: person(given = "Marina",
family = "Evangelou",
role = c("aut", "cre"),
email = "m.evangelou@ic.ac.uk")
as necessary.
Flavors: r-devel-linux-x86_64-debian-clang, r-devel-linux-x86_64-debian-gcc
These binaries (installable software) and packages are in development.
They may not be fully stable and should be used with caution. We make no claims about them.