Last updated on 2025-02-16 12:53:46 CET.
Flavor | Version | Tinstall | Tcheck | Ttotal | Status | Flags |
---|---|---|---|---|---|---|
r-devel-linux-x86_64-debian-clang | 0.1.2 | 7.64 | 69.55 | 77.19 | OK | |
r-devel-linux-x86_64-debian-gcc | 0.1.2 | 4.98 | 50.12 | 55.10 | OK | |
r-devel-linux-x86_64-fedora-clang | 0.1.2 | 126.69 | OK | |||
r-devel-linux-x86_64-fedora-gcc | 0.1.2 | 132.01 | OK | |||
r-devel-macos-arm64 | 0.1.2 | 43.00 | OK | |||
r-devel-macos-x86_64 | 0.1.2 | 82.00 | OK | |||
r-devel-windows-x86_64 | 0.1.2 | 8.00 | 86.00 | 94.00 | OK | |
r-patched-linux-x86_64 | 0.1.2 | 7.12 | 64.74 | 71.86 | OK | |
r-release-linux-x86_64 | 0.1.2 | 6.72 | 64.68 | 71.40 | OK | |
r-release-macos-arm64 | 0.1.2 | 47.00 | OK | |||
r-release-macos-x86_64 | 0.1.2 | 59.00 | OK | |||
r-release-windows-x86_64 | 0.1.2 | 9.00 | 77.00 | 86.00 | OK | |
r-oldrel-macos-arm64 | 0.1.2 | 6.00 | ERROR | |||
r-oldrel-macos-x86_64 | 0.1.2 | 68.00 | OK | |||
r-oldrel-windows-x86_64 | 0.1.2 | 11.00 | 89.00 | 100.00 | OK |
Version: 0.1.2
Check: whether package can be installed
Result: ERROR
Installation failed.
Flavor: r-oldrel-macos-arm64
These binaries (installable software) and packages are in development.
They may not be fully stable and should be used with caution. We make no claims about them.