Last updated on 2025-05-01 12:49:35 CEST.
Flavor | Version | Tinstall | Tcheck | Ttotal | Status | Flags |
---|---|---|---|---|---|---|
r-devel-linux-x86_64-debian-clang | 1.4.4 | 36.02 | 240.93 | 276.95 | NOTE | |
r-devel-linux-x86_64-debian-gcc | 1.4.4 | 26.58 | 171.92 | 198.50 | OK | |
r-devel-linux-x86_64-fedora-clang | 1.4.4 | 433.93 | OK | |||
r-devel-linux-x86_64-fedora-gcc | 1.4.4 | 420.48 | OK | |||
r-devel-windows-x86_64 | 1.4.4 | 30.00 | 206.00 | 236.00 | OK | |
r-patched-linux-x86_64 | 1.4.4 | 36.16 | 223.87 | 260.03 | OK | |
r-release-linux-x86_64 | OK | |||||
r-release-macos-arm64 | 1.4.4 | 169.00 | OK | |||
r-release-macos-x86_64 | 1.4.4 | 174.00 | OK | |||
r-release-windows-x86_64 | 1.4.4 | 31.00 | 207.00 | 238.00 | OK | |
r-oldrel-macos-arm64 | 1.4.4 | 121.00 | OK | |||
r-oldrel-macos-x86_64 | 1.4.4 | 145.00 | OK | |||
r-oldrel-windows-x86_64 | 1.4.4 | 38.00 | 264.00 | 302.00 | OK |
Version: 1.4.4
Check: examples
Result: NOTE
Examples with CPU (user + system) or elapsed time > 5s
user system elapsed
processPgDetections 4.841 0.643 7.374
Flavor: r-devel-linux-x86_64-debian-clang
These binaries (installable software) and packages are in development.
They may not be fully stable and should be used with caution. We make no claims about them.