CRAN Package Check Results for Package PAMpal

Last updated on 2025-10-23 15:50:04 CEST.

Flavor Version Tinstall Tcheck Ttotal Status Flags
r-devel-linux-x86_64-debian-clang 1.4.4 35.41 264.29 299.70 NOTE
r-devel-linux-x86_64-debian-gcc 1.4.4 25.74 186.01 211.75 OK
r-devel-linux-x86_64-fedora-clang 1.4.4 109.00 371.52 480.52 OK
r-devel-linux-x86_64-fedora-gcc 1.4.4 72.00 371.94 443.94 OK
r-devel-windows-x86_64 1.4.4 30.00 229.00 259.00 OK
r-patched-linux-x86_64 1.4.4 35.43 261.10 296.53 OK
r-release-linux-x86_64 1.4.4 34.48 260.01 294.49 OK
r-release-macos-arm64 1.4.4 31.00 138.00 169.00 OK
r-release-macos-x86_64 1.4.4 30.00 144.00 174.00 OK
r-release-windows-x86_64 1.4.4 35.00 228.00 263.00 OK
r-oldrel-macos-arm64 1.4.4 21.00 100.00 121.00 OK
r-oldrel-macos-x86_64 1.4.4 24.00 121.00 145.00 OK
r-oldrel-windows-x86_64 1.4.4 41.00 305.00 346.00 OK

Check Details

Version: 1.4.4
Check: HTML version of manual
Result: NOTE Found the following HTML validation problems: is.AcousticEvent.html:46:1 (is.AcousticEvent.Rd:10): Warning: missing </ul> before </div> is.AcousticStudy.html:46:1 (is.AcousticStudy.Rd:10): Warning: missing </ul> before </div> is.PAMpalSettings.html:46:1 (is.PAMpalSettings.Rd:10): Warning: missing </ul> before </div> Flavor: r-devel-linux-x86_64-debian-clang

These binaries (installable software) and packages are in development.
They may not be fully stable and should be used with caution. We make no claims about them.